{"id":196,"date":"2024-02-21T05:33:47","date_gmt":"2024-02-21T05:33:47","guid":{"rendered":"https:\/\/bdlayoutspack.com\/breakdance-recruitment-agency-layouts-pack\/?page_id=196"},"modified":"2025-03-28T13:53:20","modified_gmt":"2025-03-28T18:53:20","slug":"contactanos","status":"publish","type":"page","link":"https:\/\/nobacom.net\/pwe0035-agencia-de-empleo-layoutpack\/contactanos\/","title":{"rendered":"Cont\u00e1ctanos"},"content":{"rendered":"<section class=\"bde-section-196-100 bde-section\">\n              \n  \n\t\n\n  <div class=\"section-background-overlay\"><\/div>\n\n\n<div class=\"section-container\"><div class=\"bde-div-196-101 bde-div\" data-entrance=\"slideUp\">\n  \n\t\n\n\n\n<div class=\"bde-columns-196-102 bde-columns\"><div class=\"bde-column-196-103 bde-column\">\n  \n\t\n\n\n\n<h1 class=\"bde-heading-196-104 bde-heading\">\nCont\u00e1ctanos\n<\/h1><div class=\"bde-div-196-105 bde-div\">\n  \n\t\n\n\n\n<div class=\"bde-button-196-106 bde-button\">\n    \n                                    \n    \n    \n    \n    \n            \n                    \n            \n            \n\n    \n    \n    \n    \n    \n    <a class=\"breakdance-link button-atom button-atom--custom bde-button__button\" href=\"https:\/\/nobacom.net\/pwe0035-agencia-de-empleo-layoutpack\" target=\"_self\" data-type=\"url\"  >\n\n    \n        <span class=\"button-atom__text\">Inicio<\/span>\n\n                            \n        \n                <\/a>\n\n    \n\n\n<\/div><div class=\"bde-button-196-107 bde-button\">\n    \n                                    \n    \n    \n    \n    \n            \n            <button type=\"button\" class=\"button-atom button-atom--custom bde-button__button\"  >\n    \n        <span class=\"button-atom__text\">Cont\u00e1ctanos<\/span>\n\n                            \n        \n            <\/button>\n    \n\n\n<\/div>\n<\/div>\n<\/div><\/div>\n<\/div><\/div>\n<\/section><section class=\"bde-section-196-108 bde-section\">\n  \n\t\n\n\n\n<div class=\"section-container\"><div class=\"bde-div-196-109 bde-div\" data-entrance=\"slideUp\">\n  \n\t\n\n\n\n<div class=\"bde-columns-196-110 bde-columns\"><div class=\"bde-column-196-111 bde-column\">\n  \n\t\n\n\n\n<div class=\"bde-form-builder-196-113 bde-form-builder\">\n\n\n<form id=\"contact-form113\" class=\"breakdance-form breakdance-form--vertical \" data-options=\"{&quot;slug&quot;:&quot;custom&quot;,&quot;name&quot;:&quot;Contact Form&quot;,&quot;ajaxUrl&quot;:&quot;https:\\\/\\\/nobacom.net\\\/pwe0035-agencia-de-empleo-layoutpack\\\/wp-admin\\\/admin-ajax.php&quot;,&quot;clearOnSuccess&quot;:true,&quot;hideOnSuccess&quot;:false,&quot;successMessage&quot;:&quot;\\u00a1Tu mensaje ha sido recibido!&quot;,&quot;errorMessage&quot;:&quot;Algo sali\\u00f3 mal&quot;,&quot;redirect&quot;:false,&quot;redirectUrl&quot;:&quot;&quot;,&quot;customJavaScript&quot;:&quot;&quot;,&quot;recaptcha&quot;:{&quot;key&quot;:&quot;&quot;,&quot;enabled&quot;:false},&quot;honeypot_enabled&quot;:false,&quot;popupsOnSuccess&quot;:[],&quot;popupsOnError&quot;:[]}\" data-steps=\"0\" >\n  \n  \n  \n<div class=\"breakdance-form-field breakdance-form-field--text\" >\n    \n    \n            <label class=\"breakdance-form-field__label\" for=\"name\">\n            Nombre<span class=\"breakdance-form-field__required\">*<\/span>\n        <\/label>\n    \n    <input\n    class=\"breakdance-form-field__input\"\n    id=\"name\"\n    aria-describedby=\"name\"\n    type=\"text\"\n    name=\"fields[name]\"\n    placeholder=\"\"\n    value=\"\"\n                \n        \n        \n    required\n    \n    \n>\n\n\n    \n    \n<\/div>\n\n\n<div class=\"breakdance-form-field breakdance-form-field--email\" >\n    \n    \n            <label class=\"breakdance-form-field__label\" for=\"email\">\n            Email<span class=\"breakdance-form-field__required\">*<\/span>\n        <\/label>\n    \n    <input\n    class=\"breakdance-form-field__input\"\n    id=\"email\"\n    aria-describedby=\"email\"\n    type=\"email\"\n    name=\"fields[email]\"\n    placeholder=\"\"\n    value=\"\"\n                \n        \n        \n    required\n    \n    \n>\n\n\n    \n    \n<\/div>\n\n\n<div class=\"breakdance-form-field breakdance-form-field--tel\" >\n    \n    \n            <label class=\"breakdance-form-field__label\" for=\"gnsfzw\">\n            Tel\u00e9fono<span class=\"breakdance-form-field__required\">*<\/span>\n        <\/label>\n    \n    <input\n    class=\"breakdance-form-field__input\"\n    id=\"gnsfzw\"\n    aria-describedby=\"gnsfzw\"\n    type=\"tel\"\n    name=\"fields[gnsfzw]\"\n    placeholder=\"\"\n    value=\"\"\n                \n        \n        \n    required\n    \n    \n>\n\n\n    \n    \n<\/div>\n\n\n<div class=\"breakdance-form-field breakdance-form-field--textarea\" >\n    \n    \n            <label class=\"breakdance-form-field__label\" for=\"message\">\n            Mensaje<span class=\"breakdance-form-field__required\">*<\/span>\n        <\/label>\n    \n    <textarea\n    class=\"breakdance-form-field__input\"\n    id=\"message\"\n    aria-describedby=\"message\"\n    type=\"textarea\"\n    name=\"fields[message]\"\n        placeholder=\"\"\n    required\n    >\n<\/textarea>\n\n\n    \n    \n<\/div>\n\n\n  \n\n<div class=\"breakdance-form-field breakdance-form-footer\">\n    \n    \n                                    \n    \n    \n    \n    \n            \n            <button type=\"submit\" class=\"button-atom button-atom--primary breakdance-form-button breakdance-form-button__submit\"  >\n    \n        <span class=\"button-atom__text\">Enviar<\/span>\n\n        \n        \n            <\/button>\n    \n    <input type=\"hidden\" name=\"form_id\" value=\"113\">\n    <input type=\"hidden\" name=\"post_id\" value=\"196\">\n<\/div>\n\n  \n<\/form>\n\n\n\n<\/div>\n<\/div><div class=\"bde-column-196-112 bde-column\">\n  \n\t\n\n\n\n<div class=\"bde-text-196-120 bde-text\">\n Oportunidades Sin L\u00edmites\n<\/div><h3 class=\"bde-heading-196-121 bde-heading\">\nEs Tu Momento\n<\/h3><div class=\"bde-div-196-114 bde-div\">\n  \n\t\n\n\n\n<div class=\"bde-icon-196-115 bde-icon\">\n\n    \n            <div class=\"bde-icon-icon breakdance-icon-atom\" >\n    \n                    <svg xmlns=\"http:\/\/www.w3.org\/2000\/svg\" id=\"icon-phone\" viewBox=\"0 0 32 32\">\n<path d=\"M22 20c-2 2-2 4-4 4s-4-2-6-4-4-4-4-6 2-2 4-4-4-8-6-8-6 6-6 6c0 4 4.109 12.109 8 16s12 8 16 8c0 0 6-4 6-6s-6-8-8-6z\"\/>\n<\/svg>\n        \n        \n        \n            <\/div>\n    \n\n\n<\/div><div class=\"bde-div-196-116 bde-div\">\n  \n\t\n\n\n\n<h4 class=\"bde-heading-196-117 bde-heading\">\nTel\u00e9fono\n<\/h4><div class=\"bde-fancy-divider-196-118 bde-fancy-divider\">\n\n\n<div class=\"bde-fancy-divider__wrapper\">\n  <div class=\"bde-fancy-divider__separator   \">\n  \t  <\/div>\n<\/div>\n\n<\/div><div class=\"bde-text-196-119 bde-text\">\n314 314 1496\n<\/div>\n<\/div>\n<\/div><div class=\"bde-div-196-134 bde-div\">\n  \n\t\n\n\n\n<div class=\"bde-icon-196-135 bde-icon\">\n\n    \n            <div class=\"bde-icon-icon breakdance-icon-atom\" >\n    \n                    <svg xmlns=\"http:\/\/www.w3.org\/2000\/svg\" id=\"icon-mail2\" viewBox=\"0 0 32 32\">\n<path d=\"M26.667 0h-21.333c-2.934 0-5.334 2.4-5.334 5.334v21.332c0 2.936 2.4 5.334 5.334 5.334h21.333c2.934 0 5.333-2.398 5.333-5.334v-21.332c0-2.934-2.399-5.334-5.333-5.334zM26.667 4c0.25 0 0.486 0.073 0.688 0.198l-11.355 9.388-11.355-9.387c0.202-0.125 0.439-0.198 0.689-0.198h21.333zM5.334 28c-0.060 0-0.119-0.005-0.178-0.013l7.051-9.78-0.914-0.914-7.293 7.293v-19.098l12 14.512 12-14.512v19.098l-7.293-7.293-0.914 0.914 7.051 9.78c-0.058 0.008-0.117 0.013-0.177 0.013h-21.333z\"\/>\n<\/svg>\n        \n        \n        \n            <\/div>\n    \n\n\n<\/div><div class=\"bde-div-196-136 bde-div\">\n  \n\t\n\n\n\n<h4 class=\"bde-heading-196-137 bde-heading\">\nEmail\n<\/h4><div class=\"bde-fancy-divider-196-138 bde-fancy-divider\">\n\n\n<div class=\"bde-fancy-divider__wrapper\">\n  <div class=\"bde-fancy-divider__separator   \">\n  \t  <\/div>\n<\/div>\n\n<\/div><div class=\"bde-text-196-139 bde-text\">\ninfo@nobacom.com\n<\/div>\n<\/div>\n<\/div><div class=\"bde-div-196-128 bde-div\">\n  \n\t\n\n\n\n<div class=\"bde-icon-196-129 bde-icon\">\n\n    \n            <div class=\"bde-icon-icon breakdance-icon-atom\" >\n    \n                    <svg xmlns=\"http:\/\/www.w3.org\/2000\/svg\" id=\"icon-location\" viewBox=\"0 0 32 32\">\n<path d=\"M16 0c-5.523 0-10 4.477-10 10 0 10 10 22 10 22s10-12 10-22c0-5.523-4.477-10-10-10zM16 16c-3.314 0-6-2.686-6-6s2.686-6 6-6 6 2.686 6 6-2.686 6-6 6z\"\/>\n<\/svg>\n        \n        \n        \n            <\/div>\n    \n\n\n<\/div><div class=\"bde-div-196-130 bde-div\">\n  \n\t\n\n\n\n<h4 class=\"bde-heading-196-131 bde-heading\">\nDirecci\u00f3n\n<\/h4><div class=\"bde-fancy-divider-196-132 bde-fancy-divider\">\n\n\n<div class=\"bde-fancy-divider__wrapper\">\n  <div class=\"bde-fancy-divider__separator   \">\n  \t  <\/div>\n<\/div>\n\n<\/div><div class=\"bde-text-196-133 bde-text\">\nCalle 103 # 34 - 21\n<\/div>\n<\/div>\n<\/div>\n<\/div><\/div>\n<\/div><div class=\"bde-div-196-140 bde-div\" data-entrance=\"slideUp\">\n  \n\t\n\n\n\n<div class=\"bde-columns-196-165 bde-columns\"><div class=\"bde-column-196-167 bde-column\">\n  \n\t\n\n\n\n<div class=\"bde-code-block-196-168 bde-code-block\">\n\n  <div style=\"overflow:hidden;resize:none;max-width:100%;width:100%;height:400px;\"><div id=\"google-maps-display\" style=\"height:100%; width:100%;max-width:100%;\"><iframe style=\"height:100%;width:100%;border:0;\" frameborder=\"0\" src=\"https:\/\/www.google.com\/maps\/embed?pb=!1m18!1m12!1m3!1d3976.474158898761!2d-74.04861772411823!3d4.687354841771256!2m3!1f0!2f0!3f0!3m2!1i1024!2i768!4f13.1!3m3!1m2!1s0x8e3f9abdbfa5b18d%3A0x4e607c0e1c097d1a!2zQ2wuIDEwMyAjIDE0LTM0LCBVc2FxdcOpbiwgQm9nb3TDoSwgRC5DLiwgQm9nb3TDoSwgQm9nb3TDoSwgRC5DLg!5e0!3m2!1ses!2sco!4v1743006105779!5m2!1ses!2sco\"><\/iframe><\/div><a class=\"my-codefor-googlemap\" href=\"https:\/\/www.bootstrapskins.com\/themes\" id=\"enable-map-data\">premium bootstrap themes<\/a><style>#google-maps-display .text-marker{}.map-generator{max-width: 100%; max-height: 100%; background: none;<\/style><\/div>\n\n\n<\/div>\n<\/div><\/div>\n<\/div><\/div>\n<\/section>","protected":false},"excerpt":{"rendered":"<p>Cont\u00e1ctanos Inicio Cont\u00e1ctanos Nombre* Email* Tel\u00e9fono* Mensaje* Enviar Oportunidades Sin L\u00edmites Es Tu Momento Tel\u00e9fono 314 314 1496 Email info@nobacom.com Direcci\u00f3n Calle 103 # 34 &#8211; 21 premium bootstrap themes<\/p>\n","protected":false},"author":1,"featured_media":0,"parent":0,"menu_order":0,"comment_status":"closed","ping_status":"closed","template":"","meta":{"_breakdance_hide_in_design_set":false,"_breakdance_tags":"","_joinchat":[],"footnotes":""},"class_list":["post-196","page","type-page","status-publish","hentry"],"yoast_head":"<!-- This site is optimized with the Yoast SEO plugin v24.7 - https:\/\/yoast.com\/wordpress\/plugins\/seo\/ -->\n<title>Cont\u00e1ctanos - pwe0035-agencia-de-empleo-layoutpack<\/title>\n<meta name=\"robots\" content=\"noindex, follow, max-snippet:-1, max-image-preview:large, max-video-preview:-1\" \/>\n<meta property=\"og:locale\" content=\"es_ES\" \/>\n<meta property=\"og:type\" content=\"article\" \/>\n<meta property=\"og:title\" content=\"Cont\u00e1ctanos - pwe0035-agencia-de-empleo-layoutpack\" \/>\n<meta property=\"og:description\" content=\"Cont\u00e1ctanos Inicio Cont\u00e1ctanos Nombre* Email* Tel\u00e9fono* Mensaje* Enviar Oportunidades Sin L\u00edmites Es Tu Momento Tel\u00e9fono 314 314 1496 Email info@nobacom.com Direcci\u00f3n Calle 103 # 34 - 21 premium bootstrap themes\" \/>\n<meta property=\"og:url\" content=\"https:\/\/nobacom.net\/pwe0035-agencia-de-empleo-layoutpack\/contactanos\/\" \/>\n<meta property=\"og:site_name\" content=\"pwe0035-agencia-de-empleo-layoutpack\" \/>\n<meta property=\"article:publisher\" content=\"https:\/\/www.facebook.com\/nobacomdigital\" \/>\n<meta property=\"article:modified_time\" content=\"2025-03-28T18:53:20+00:00\" \/>\n<meta name=\"twitter:card\" content=\"summary_large_image\" \/>\n<script type=\"application\/ld+json\" class=\"yoast-schema-graph\">{\"@context\":\"https:\/\/schema.org\",\"@graph\":[{\"@type\":\"WebPage\",\"@id\":\"https:\/\/nobacom.net\/pwe0035-agencia-de-empleo-layoutpack\/contactanos\/\",\"url\":\"https:\/\/nobacom.net\/pwe0035-agencia-de-empleo-layoutpack\/contactanos\/\",\"name\":\"Cont\u00e1ctanos - pwe0035-agencia-de-empleo-layoutpack\",\"isPartOf\":{\"@id\":\"https:\/\/nobacom.net\/pwe0035-agencia-de-empleo-layoutpack\/#website\"},\"datePublished\":\"2024-02-21T05:33:47+00:00\",\"dateModified\":\"2025-03-28T18:53:20+00:00\",\"breadcrumb\":{\"@id\":\"https:\/\/nobacom.net\/pwe0035-agencia-de-empleo-layoutpack\/contactanos\/#breadcrumb\"},\"inLanguage\":\"es\",\"potentialAction\":[{\"@type\":\"ReadAction\",\"target\":[\"https:\/\/nobacom.net\/pwe0035-agencia-de-empleo-layoutpack\/contactanos\/\"]}]},{\"@type\":\"BreadcrumbList\",\"@id\":\"https:\/\/nobacom.net\/pwe0035-agencia-de-empleo-layoutpack\/contactanos\/#breadcrumb\",\"itemListElement\":[{\"@type\":\"ListItem\",\"position\":1,\"name\":\"Portada\",\"item\":\"https:\/\/nobacom.net\/pwe0035-agencia-de-empleo-layoutpack\/\"},{\"@type\":\"ListItem\",\"position\":2,\"name\":\"Cont\u00e1ctanos\"}]},{\"@type\":\"WebSite\",\"@id\":\"https:\/\/nobacom.net\/pwe0035-agencia-de-empleo-layoutpack\/#website\",\"url\":\"https:\/\/nobacom.net\/pwe0035-agencia-de-empleo-layoutpack\/\",\"name\":\"Wordpress Nobacom Base\",\"description\":\"\",\"publisher\":{\"@id\":\"https:\/\/nobacom.net\/pwe0035-agencia-de-empleo-layoutpack\/#organization\"},\"potentialAction\":[{\"@type\":\"SearchAction\",\"target\":{\"@type\":\"EntryPoint\",\"urlTemplate\":\"https:\/\/nobacom.net\/pwe0035-agencia-de-empleo-layoutpack\/?s={search_term_string}\"},\"query-input\":{\"@type\":\"PropertyValueSpecification\",\"valueRequired\":true,\"valueName\":\"search_term_string\"}}],\"inLanguage\":\"es\"},{\"@type\":\"Organization\",\"@id\":\"https:\/\/nobacom.net\/pwe0035-agencia-de-empleo-layoutpack\/#organization\",\"name\":\"Wordpress Nobacom Base\",\"url\":\"https:\/\/nobacom.net\/pwe0035-agencia-de-empleo-layoutpack\/\",\"logo\":{\"@type\":\"ImageObject\",\"inLanguage\":\"es\",\"@id\":\"https:\/\/nobacom.net\/pwe0035-agencia-de-empleo-layoutpack\/#\/schema\/logo\/image\/\",\"url\":\"https:\/\/nobacom.net\/pwe0035-agencia-de-empleo-layoutpack\/wp-content\/uploads\/2024\/12\/Logo-Nobacom-fondo-blanco-negro.png\",\"contentUrl\":\"https:\/\/nobacom.net\/pwe0035-agencia-de-empleo-layoutpack\/wp-content\/uploads\/2024\/12\/Logo-Nobacom-fondo-blanco-negro.png\",\"width\":1103,\"height\":835,\"caption\":\"Wordpress Nobacom Base\"},\"image\":{\"@id\":\"https:\/\/nobacom.net\/pwe0035-agencia-de-empleo-layoutpack\/#\/schema\/logo\/image\/\"},\"sameAs\":[\"https:\/\/www.facebook.com\/nobacomdigital\"]}]}<\/script>\n<!-- \/ Yoast SEO plugin. -->","yoast_head_json":{"title":"Cont\u00e1ctanos - pwe0035-agencia-de-empleo-layoutpack","robots":{"index":"noindex","follow":"follow","max-snippet":"max-snippet:-1","max-image-preview":"max-image-preview:large","max-video-preview":"max-video-preview:-1"},"og_locale":"es_ES","og_type":"article","og_title":"Cont\u00e1ctanos - pwe0035-agencia-de-empleo-layoutpack","og_description":"Cont\u00e1ctanos Inicio Cont\u00e1ctanos Nombre* Email* Tel\u00e9fono* Mensaje* Enviar Oportunidades Sin L\u00edmites Es Tu Momento Tel\u00e9fono 314 314 1496 Email info@nobacom.com Direcci\u00f3n Calle 103 # 34 - 21 premium bootstrap themes","og_url":"https:\/\/nobacom.net\/pwe0035-agencia-de-empleo-layoutpack\/contactanos\/","og_site_name":"pwe0035-agencia-de-empleo-layoutpack","article_publisher":"https:\/\/www.facebook.com\/nobacomdigital","article_modified_time":"2025-03-28T18:53:20+00:00","twitter_card":"summary_large_image","schema":{"@context":"https:\/\/schema.org","@graph":[{"@type":"WebPage","@id":"https:\/\/nobacom.net\/pwe0035-agencia-de-empleo-layoutpack\/contactanos\/","url":"https:\/\/nobacom.net\/pwe0035-agencia-de-empleo-layoutpack\/contactanos\/","name":"Cont\u00e1ctanos - pwe0035-agencia-de-empleo-layoutpack","isPartOf":{"@id":"https:\/\/nobacom.net\/pwe0035-agencia-de-empleo-layoutpack\/#website"},"datePublished":"2024-02-21T05:33:47+00:00","dateModified":"2025-03-28T18:53:20+00:00","breadcrumb":{"@id":"https:\/\/nobacom.net\/pwe0035-agencia-de-empleo-layoutpack\/contactanos\/#breadcrumb"},"inLanguage":"es","potentialAction":[{"@type":"ReadAction","target":["https:\/\/nobacom.net\/pwe0035-agencia-de-empleo-layoutpack\/contactanos\/"]}]},{"@type":"BreadcrumbList","@id":"https:\/\/nobacom.net\/pwe0035-agencia-de-empleo-layoutpack\/contactanos\/#breadcrumb","itemListElement":[{"@type":"ListItem","position":1,"name":"Portada","item":"https:\/\/nobacom.net\/pwe0035-agencia-de-empleo-layoutpack\/"},{"@type":"ListItem","position":2,"name":"Cont\u00e1ctanos"}]},{"@type":"WebSite","@id":"https:\/\/nobacom.net\/pwe0035-agencia-de-empleo-layoutpack\/#website","url":"https:\/\/nobacom.net\/pwe0035-agencia-de-empleo-layoutpack\/","name":"Wordpress Nobacom Base","description":"","publisher":{"@id":"https:\/\/nobacom.net\/pwe0035-agencia-de-empleo-layoutpack\/#organization"},"potentialAction":[{"@type":"SearchAction","target":{"@type":"EntryPoint","urlTemplate":"https:\/\/nobacom.net\/pwe0035-agencia-de-empleo-layoutpack\/?s={search_term_string}"},"query-input":{"@type":"PropertyValueSpecification","valueRequired":true,"valueName":"search_term_string"}}],"inLanguage":"es"},{"@type":"Organization","@id":"https:\/\/nobacom.net\/pwe0035-agencia-de-empleo-layoutpack\/#organization","name":"Wordpress Nobacom Base","url":"https:\/\/nobacom.net\/pwe0035-agencia-de-empleo-layoutpack\/","logo":{"@type":"ImageObject","inLanguage":"es","@id":"https:\/\/nobacom.net\/pwe0035-agencia-de-empleo-layoutpack\/#\/schema\/logo\/image\/","url":"https:\/\/nobacom.net\/pwe0035-agencia-de-empleo-layoutpack\/wp-content\/uploads\/2024\/12\/Logo-Nobacom-fondo-blanco-negro.png","contentUrl":"https:\/\/nobacom.net\/pwe0035-agencia-de-empleo-layoutpack\/wp-content\/uploads\/2024\/12\/Logo-Nobacom-fondo-blanco-negro.png","width":1103,"height":835,"caption":"Wordpress Nobacom Base"},"image":{"@id":"https:\/\/nobacom.net\/pwe0035-agencia-de-empleo-layoutpack\/#\/schema\/logo\/image\/"},"sameAs":["https:\/\/www.facebook.com\/nobacomdigital"]}]}},"_links":{"self":[{"href":"https:\/\/nobacom.net\/pwe0035-agencia-de-empleo-layoutpack\/wp-json\/wp\/v2\/pages\/196","targetHints":{"allow":["GET"]}}],"collection":[{"href":"https:\/\/nobacom.net\/pwe0035-agencia-de-empleo-layoutpack\/wp-json\/wp\/v2\/pages"}],"about":[{"href":"https:\/\/nobacom.net\/pwe0035-agencia-de-empleo-layoutpack\/wp-json\/wp\/v2\/types\/page"}],"author":[{"embeddable":true,"href":"https:\/\/nobacom.net\/pwe0035-agencia-de-empleo-layoutpack\/wp-json\/wp\/v2\/users\/1"}],"replies":[{"embeddable":true,"href":"https:\/\/nobacom.net\/pwe0035-agencia-de-empleo-layoutpack\/wp-json\/wp\/v2\/comments?post=196"}],"version-history":[{"count":5,"href":"https:\/\/nobacom.net\/pwe0035-agencia-de-empleo-layoutpack\/wp-json\/wp\/v2\/pages\/196\/revisions"}],"predecessor-version":[{"id":482,"href":"https:\/\/nobacom.net\/pwe0035-agencia-de-empleo-layoutpack\/wp-json\/wp\/v2\/pages\/196\/revisions\/482"}],"wp:attachment":[{"href":"https:\/\/nobacom.net\/pwe0035-agencia-de-empleo-layoutpack\/wp-json\/wp\/v2\/media?parent=196"}],"curies":[{"name":"wp","href":"https:\/\/api.w.org\/{rel}","templated":true}]}}