{"id":204,"date":"2024-02-23T09:52:54","date_gmt":"2024-02-23T09:52:54","guid":{"rendered":"https:\/\/bdlayoutspack.com\/breakdance-hvac-layouts-pack\/?page_id=204"},"modified":"2025-04-28T10:15:31","modified_gmt":"2025-04-28T15:15:31","slug":"preguntas-frecuentes","status":"publish","type":"page","link":"https:\/\/nobacom.net\/pwe0042-aire-acondicionado-y-calefaccion-layoutpack\/preguntas-frecuentes\/","title":{"rendered":"Preguntas Frecuentes"},"content":{"rendered":"<section class=\"bde-section-204-100 bde-section\">\n              \n  \n\t\n\n  <div class=\"section-background-overlay\"><\/div>\n\n\n<div class=\"section-container\"><div class=\"bde-div-204-101 bde-div\" data-entrance=\"slideUp\">\n  \n\t\n\n\n\n<div class=\"bde-columns-204-102 bde-columns\"><div class=\"bde-column-204-103 bde-column\">\n  \n\t\n\n\n\n<div class=\"bde-button-204-104 bde-button\">\n    \n                                    \n    \n    \n    \n    \n            \n                    \n            \n            \n\n    \n    \n    \n    \n    \n    <a class=\"breakdance-link button-atom button-atom--custom bde-button__button\" href=\"https:\/\/nobacom.net\/pwe0042-aire-acondicionado-y-calefaccion-layoutpack\" target=\"_self\" data-type=\"url\"  >\n\n    \n        <span class=\"button-atom__text\">Inicio<\/span>\n\n                            \n        \n                <\/a>\n\n    \n\n\n<\/div><h1 class=\"bde-heading-204-105 bde-heading\">\nPreguntas Frecuentes\n<\/h1>\n<\/div><\/div>\n<\/div><div class=\"bde-div-204-106 bde-div\">\n  \n\t\n\n\n\n\n<\/div><\/div>\n<\/section><section class=\"bde-section-204-107 bde-section\">\n  \n\t\n\n\n\n<div class=\"section-container\"><div class=\"bde-div-204-108 bde-div\" data-entrance=\"slideUp\">\n  \n\t\n\n\n\n<div class=\"bde-columns-204-112 bde-columns\"><div class=\"bde-column-204-113 bde-column\">\n  \n\t\n\n\n\n<div class=\"bde-image-204-114 bde-image\">\n<figure class=\"breakdance-image breakdance-image--24\">\n\t<div class=\"breakdance-image-container\">\n\t\t<div class=\"breakdance-image-clip\"><img loading=\"lazy\" decoding=\"async\" class=\"breakdance-image-object\" src=\"https:\/\/bdlayoutspack.com\/breakdance-hvac-layouts-pack\/wp-content\/uploads\/sites\/33\/2024\/02\/Breakdance_Havc_Img_7.jpg\" width=\"1280\" height=\"854\" srcset=\"https:\/\/bdlayoutspack.com\/breakdance-hvac-layouts-pack\/wp-content\/uploads\/sites\/33\/2024\/02\/Breakdance_Havc_Img_7.jpg 1280w, https:\/\/bdlayoutspack.com\/breakdance-hvac-layouts-pack\/wp-content\/uploads\/sites\/33\/2024\/02\/Breakdance_Havc_Img_7-300x200.jpg 300w, https:\/\/bdlayoutspack.com\/breakdance-hvac-layouts-pack\/wp-content\/uploads\/sites\/33\/2024\/02\/Breakdance_Havc_Img_7-1024x683.jpg 1024w, https:\/\/bdlayoutspack.com\/breakdance-hvac-layouts-pack\/wp-content\/uploads\/sites\/33\/2024\/02\/Breakdance_Havc_Img_7-768x512.jpg 768w\" sizes=\"auto, (max-width: 1280px) 100vw, 1280px\"><\/div>\n\t<\/div><\/figure>\n\n<\/div><div class=\"bde-icon-204-115 bde-icon\">\n\n    \n            <div class=\"bde-icon-icon breakdance-icon-atom\" >\n    \n                    <svg xmlns=\"http:\/\/www.w3.org\/2000\/svg\" viewBox=\"0 0 384 512\"><!-- Font Awesome Free 5.15.1 by @fontawesome - https:\/\/fontawesome.com License - https:\/\/fontawesome.com\/license\/free (Icons: CC BY 4.0, Fonts: SIL OFL 1.1, Code: MIT License) --><path d=\"M202.021 0C122.202 0 70.503 32.703 29.914 91.026c-7.363 10.58-5.093 25.086 5.178 32.874l43.138 32.709c10.373 7.865 25.132 6.026 33.253-4.148 25.049-31.381 43.63-49.449 82.757-49.449 30.764 0 68.816 19.799 68.816 49.631 0 22.552-18.617 34.134-48.993 51.164-35.423 19.86-82.299 44.576-82.299 106.405V320c0 13.255 10.745 24 24 24h72.471c13.255 0 24-10.745 24-24v-5.773c0-42.86 125.268-44.645 125.268-160.627C377.504 66.256 286.902 0 202.021 0zM192 373.459c-38.196 0-69.271 31.075-69.271 69.271 0 38.195 31.075 69.27 69.271 69.27s69.271-31.075 69.271-69.271-31.075-69.27-69.271-69.27z\"\/><\/svg>\n        \n        \n        \n            <\/div>\n    \n\n\n<\/div>\n<\/div><div class=\"bde-column-204-116 bde-column\">\n  \n\t\n\n\n\n<div class=\"bde-div-204-117 bde-div\">\n  \n\t\n\n\n\n<div class=\"bde-div-204-118 bde-div\">\n  \n\t\n\n\n\n<div class=\"bde-fancy-divider-204-119 bde-fancy-divider\">\n\n\n<div class=\"bde-fancy-divider__wrapper\">\n  <div class=\"bde-fancy-divider__separator   \">\n  \t  <\/div>\n<\/div>\n\n<\/div><div class=\"bde-fancy-divider-204-120 bde-fancy-divider\">\n\n\n<div class=\"bde-fancy-divider__wrapper\">\n  <div class=\"bde-fancy-divider__separator   \">\n  \t  <\/div>\n<\/div>\n\n<\/div>\n<\/div><div class=\"bde-text-204-121 bde-text\">\nLo Que Hacemos\n<\/div>\n<\/div><h3 class=\"bde-heading-204-122 bde-heading\">\nAyuda Confiable de HVAC Cuando M\u00e1s la Necesitas\n<\/h3><div class=\"bde-accordion-204-123 bde-accordion bde-accordion--pills\"><div class=\"bde-accordion__content-wrapper-204-124 bde-accordion__content-wrapper\">\n<h4 class=\"bde-accordion__title-tag\">\n  <button type=\"button\" class=\"bde-accordion__button\" id=\"accordion-button-124\" aria-controls=\"accordion-panel-124\" aria-expanded=\"false\">\n     <span class=\"bde-accordion__title\" >\u00bfPor qu\u00e9 necesito cambiar mi filtro regularmente?<\/span>\n     <span class=\"bde-accordion__icon bde-accordion__icon--default\"><\/span>\n     <span class=\"bde-accordion__icon bde-accordion__icon--active\"><\/span>\n  <\/button>\n<\/h4>\n\n<div role=\"region\" class=\"bde-accordion__panel\" id=\"accordion-panel-124\" aria-labelledby=\"accordion-button-124\">\n    <div class=\"bde-accordion__panel-content\">\n        <div class=\"bde-text-204-125 bde-text\">\nCambiar el filtro regularmente garantiza que el aire que circula por su sistema est\u00e9 limpio, mejora la eficiencia del equipo y prolonga su vida \u00fatil. Un filtro sucio puede hacer que el sistema trabaje m\u00e1s y gaste m\u00e1s energ\u00eda.\n<\/div>\n    <\/div>\n<\/div>\n\n\n\n<\/div><div class=\"bde-accordion__content-wrapper-204-126 bde-accordion__content-wrapper\">\n<h4 class=\"bde-accordion__title-tag\">\n  <button type=\"button\" class=\"bde-accordion__button\" id=\"accordion-button-126\" aria-controls=\"accordion-panel-126\" aria-expanded=\"false\">\n     <span class=\"bde-accordion__title\" >\u00bfQu\u00e9 tan saludable es mi aire interior?<\/span>\n     <span class=\"bde-accordion__icon bde-accordion__icon--default\"><\/span>\n     <span class=\"bde-accordion__icon bde-accordion__icon--active\"><\/span>\n  <\/button>\n<\/h4>\n\n<div role=\"region\" class=\"bde-accordion__panel\" id=\"accordion-panel-126\" aria-labelledby=\"accordion-button-126\">\n    <div class=\"bde-accordion__panel-content\">\n        <div class=\"bde-text-204-127 bde-text\">\nLa calidad del aire interior puede verse afectada por la acumulaci\u00f3n de polvo, moho, bacterias y otros contaminantes. Mantener el sistema de calefacci\u00f3n y aire acondicionado en buen estado y realizar inspecciones regulares ayuda a garantizar que el aire que respira sea m\u00e1s saludable.\n<\/div>\n    <\/div>\n<\/div>\n\n\n\n<\/div><div class=\"bde-accordion__content-wrapper-204-128 bde-accordion__content-wrapper\">\n<h4 class=\"bde-accordion__title-tag\">\n  <button type=\"button\" class=\"bde-accordion__button\" id=\"accordion-button-128\" aria-controls=\"accordion-panel-128\" aria-expanded=\"false\">\n     <span class=\"bde-accordion__title\" >\u00bfCon qu\u00e9 frecuencia debo reemplazar los filtros?<\/span>\n     <span class=\"bde-accordion__icon bde-accordion__icon--default\"><\/span>\n     <span class=\"bde-accordion__icon bde-accordion__icon--active\"><\/span>\n  <\/button>\n<\/h4>\n\n<div role=\"region\" class=\"bde-accordion__panel\" id=\"accordion-panel-128\" aria-labelledby=\"accordion-button-128\">\n    <div class=\"bde-accordion__panel-content\">\n        <div class=\"bde-text-204-129 bde-text\">\nLos filtros deben ser reemplazados cada 1 a 3 meses, dependiendo de su uso. Si tiene mascotas, alergias o vive en un \u00e1rea polvorienta, es posible que deba hacerlo m\u00e1s frecuentemente.\n<\/div>\n    <\/div>\n<\/div>\n\n\n\n<\/div>\r\n\r\n<\/div>\n<\/div><\/div>\n<\/div><div class=\"bde-div-204-130 bde-div\" data-entrance=\"slideUp\">\n  \n\t\n\n\n\n<div class=\"bde-columns-204-131 bde-columns\"><div class=\"bde-column-204-135 bde-column\">\n  \n\t\n\n\n\n<div class=\"bde-accordion-204-142 bde-accordion bde-accordion--pills\"><div class=\"bde-accordion__content-wrapper-204-143 bde-accordion__content-wrapper\">\n<h4 class=\"bde-accordion__title-tag\">\n  <button type=\"button\" class=\"bde-accordion__button\" id=\"accordion-button-143\" aria-controls=\"accordion-panel-143\" aria-expanded=\"false\">\n     <span class=\"bde-accordion__title\" >\u00bfQu\u00e9 mantenimiento regular necesita un aire acondicionado?<\/span>\n     <span class=\"bde-accordion__icon bde-accordion__icon--default\"><\/span>\n     <span class=\"bde-accordion__icon bde-accordion__icon--active\"><\/span>\n  <\/button>\n<\/h4>\n\n<div role=\"region\" class=\"bde-accordion__panel\" id=\"accordion-panel-143\" aria-labelledby=\"accordion-button-143\">\n    <div class=\"bde-accordion__panel-content\">\n        <div class=\"bde-text-204-144 bde-text\">\nEl mantenimiento regular de un aire acondicionado incluye la limpieza y el reemplazo de filtros, la comprobaci\u00f3n del nivel de refrigerante, la limpieza de las bobinas, la inspecci\u00f3n de los conductos y la comprobaci\u00f3n de que todos los componentes funcionen correctamente.\n<\/div>\n    <\/div>\n<\/div>\n\n\n\n<\/div><div class=\"bde-accordion__content-wrapper-204-145 bde-accordion__content-wrapper\">\n<h4 class=\"bde-accordion__title-tag\">\n  <button type=\"button\" class=\"bde-accordion__button\" id=\"accordion-button-145\" aria-controls=\"accordion-panel-145\" aria-expanded=\"false\">\n     <span class=\"bde-accordion__title\" >\u00bfCu\u00e1ndo debo establecer un horario de mantenimiento?<\/span>\n     <span class=\"bde-accordion__icon bde-accordion__icon--default\"><\/span>\n     <span class=\"bde-accordion__icon bde-accordion__icon--active\"><\/span>\n  <\/button>\n<\/h4>\n\n<div role=\"region\" class=\"bde-accordion__panel\" id=\"accordion-panel-145\" aria-labelledby=\"accordion-button-145\">\n    <div class=\"bde-accordion__panel-content\">\n        <div class=\"bde-text-204-146 bde-text\">\nEs recomendable establecer un horario de mantenimiento en primavera, antes de que empiece el calor, o en oto\u00f1o, antes de que llegue el fr\u00edo. Esto ayuda a preparar el sistema para la temporada de uso intensivo.\n<\/div>\n    <\/div>\n<\/div>\n\n\n\n<\/div><div class=\"bde-accordion__content-wrapper-204-147 bde-accordion__content-wrapper\">\n<h4 class=\"bde-accordion__title-tag\">\n  <button type=\"button\" class=\"bde-accordion__button\" id=\"accordion-button-147\" aria-controls=\"accordion-panel-147\" aria-expanded=\"false\">\n     <span class=\"bde-accordion__title\" >\u00bfPor qu\u00e9 debo revisar la eficiencia de mi sistema de aire acondicionado?<\/span>\n     <span class=\"bde-accordion__icon bde-accordion__icon--default\"><\/span>\n     <span class=\"bde-accordion__icon bde-accordion__icon--active\"><\/span>\n  <\/button>\n<\/h4>\n\n<div role=\"region\" class=\"bde-accordion__panel\" id=\"accordion-panel-147\" aria-labelledby=\"accordion-button-147\">\n    <div class=\"bde-accordion__panel-content\">\n        <div class=\"bde-text-204-148 bde-text\">\nRevisar la eficiencia del aire acondicionado asegura que est\u00e9 funcionando correctamente, optimizando el uso de energ\u00eda y evitando costos innecesarios de reparaci\u00f3n o reemplazo por no detectar fallas a tiempo.\n<\/div>\n    <\/div>\n<\/div>\n\n\n\n<\/div>\r\n\r\n<\/div>\n<\/div><\/div>\n<\/div><\/div>\n<\/section>","protected":false},"excerpt":{"rendered":"<p>Inicio Preguntas Frecuentes Lo Que Hacemos Ayuda Confiable de HVAC Cuando M\u00e1s la Necesitas \u00bfPor qu\u00e9 necesito cambiar mi filtro regularmente? Cambiar el filtro regularmente garantiza que el aire que circula por su sistema est\u00e9 limpio, mejora la eficiencia del equipo y prolonga su vida \u00fatil. Un filtro sucio puede hacer que el sistema trabaje [&hellip;]<\/p>\n","protected":false},"author":1,"featured_media":0,"parent":0,"menu_order":0,"comment_status":"closed","ping_status":"closed","template":"","meta":{"_breakdance_hide_in_design_set":false,"_breakdance_tags":"","_joinchat":[],"footnotes":""},"class_list":["post-204","page","type-page","status-publish","hentry"],"yoast_head":"<!-- This site is optimized with the Yoast SEO plugin v24.7 - https:\/\/yoast.com\/wordpress\/plugins\/seo\/ -->\n<title>Preguntas Frecuentes - pwe0042-aire-acondicionado-y-calefaccion-layoutpack<\/title>\n<meta name=\"robots\" content=\"noindex, follow, max-snippet:-1, max-image-preview:large, max-video-preview:-1\" \/>\n<meta property=\"og:locale\" content=\"es_ES\" \/>\n<meta property=\"og:type\" content=\"article\" \/>\n<meta property=\"og:title\" content=\"Preguntas Frecuentes - pwe0042-aire-acondicionado-y-calefaccion-layoutpack\" \/>\n<meta property=\"og:description\" content=\"Inicio Preguntas Frecuentes Lo Que Hacemos Ayuda Confiable de HVAC Cuando M\u00e1s la Necesitas \u00bfPor qu\u00e9 necesito cambiar mi filtro regularmente? Cambiar el filtro regularmente garantiza que el aire que circula por su sistema est\u00e9 limpio, mejora la eficiencia del equipo y prolonga su vida \u00fatil. Un filtro sucio puede hacer que el sistema trabaje [&hellip;]\" \/>\n<meta property=\"og:url\" content=\"https:\/\/nobacom.net\/pwe0042-aire-acondicionado-y-calefaccion-layoutpack\/preguntas-frecuentes\/\" \/>\n<meta property=\"og:site_name\" content=\"pwe0042-aire-acondicionado-y-calefaccion-layoutpack\" \/>\n<meta property=\"article:publisher\" content=\"https:\/\/www.facebook.com\/nobacomdigital\" \/>\n<meta property=\"article:modified_time\" content=\"2025-04-28T15:15:31+00:00\" \/>\n<meta name=\"twitter:card\" content=\"summary_large_image\" \/>\n<script type=\"application\/ld+json\" class=\"yoast-schema-graph\">{\"@context\":\"https:\/\/schema.org\",\"@graph\":[{\"@type\":\"WebPage\",\"@id\":\"https:\/\/nobacom.net\/pwe0042-aire-acondicionado-y-calefaccion-layoutpack\/preguntas-frecuentes\/\",\"url\":\"https:\/\/nobacom.net\/pwe0042-aire-acondicionado-y-calefaccion-layoutpack\/preguntas-frecuentes\/\",\"name\":\"Preguntas Frecuentes - pwe0042-aire-acondicionado-y-calefaccion-layoutpack\",\"isPartOf\":{\"@id\":\"https:\/\/nobacom.net\/pwe0042-aire-acondicionado-y-calefaccion-layoutpack\/#website\"},\"datePublished\":\"2024-02-23T09:52:54+00:00\",\"dateModified\":\"2025-04-28T15:15:31+00:00\",\"breadcrumb\":{\"@id\":\"https:\/\/nobacom.net\/pwe0042-aire-acondicionado-y-calefaccion-layoutpack\/preguntas-frecuentes\/#breadcrumb\"},\"inLanguage\":\"es\",\"potentialAction\":[{\"@type\":\"ReadAction\",\"target\":[\"https:\/\/nobacom.net\/pwe0042-aire-acondicionado-y-calefaccion-layoutpack\/preguntas-frecuentes\/\"]}]},{\"@type\":\"BreadcrumbList\",\"@id\":\"https:\/\/nobacom.net\/pwe0042-aire-acondicionado-y-calefaccion-layoutpack\/preguntas-frecuentes\/#breadcrumb\",\"itemListElement\":[{\"@type\":\"ListItem\",\"position\":1,\"name\":\"Portada\",\"item\":\"https:\/\/nobacom.net\/pwe0042-aire-acondicionado-y-calefaccion-layoutpack\/\"},{\"@type\":\"ListItem\",\"position\":2,\"name\":\"Preguntas Frecuentes\"}]},{\"@type\":\"WebSite\",\"@id\":\"https:\/\/nobacom.net\/pwe0042-aire-acondicionado-y-calefaccion-layoutpack\/#website\",\"url\":\"https:\/\/nobacom.net\/pwe0042-aire-acondicionado-y-calefaccion-layoutpack\/\",\"name\":\"Wordpress Nobacom Base\",\"description\":\"\",\"publisher\":{\"@id\":\"https:\/\/nobacom.net\/pwe0042-aire-acondicionado-y-calefaccion-layoutpack\/#organization\"},\"potentialAction\":[{\"@type\":\"SearchAction\",\"target\":{\"@type\":\"EntryPoint\",\"urlTemplate\":\"https:\/\/nobacom.net\/pwe0042-aire-acondicionado-y-calefaccion-layoutpack\/?s={search_term_string}\"},\"query-input\":{\"@type\":\"PropertyValueSpecification\",\"valueRequired\":true,\"valueName\":\"search_term_string\"}}],\"inLanguage\":\"es\"},{\"@type\":\"Organization\",\"@id\":\"https:\/\/nobacom.net\/pwe0042-aire-acondicionado-y-calefaccion-layoutpack\/#organization\",\"name\":\"Wordpress Nobacom Base\",\"url\":\"https:\/\/nobacom.net\/pwe0042-aire-acondicionado-y-calefaccion-layoutpack\/\",\"logo\":{\"@type\":\"ImageObject\",\"inLanguage\":\"es\",\"@id\":\"https:\/\/nobacom.net\/pwe0042-aire-acondicionado-y-calefaccion-layoutpack\/#\/schema\/logo\/image\/\",\"url\":\"https:\/\/nobacom.net\/pwe0042-aire-acondicionado-y-calefaccion-layoutpack\/wp-content\/uploads\/2024\/12\/Logo-Nobacom-fondo-blanco-negro.png\",\"contentUrl\":\"https:\/\/nobacom.net\/pwe0042-aire-acondicionado-y-calefaccion-layoutpack\/wp-content\/uploads\/2024\/12\/Logo-Nobacom-fondo-blanco-negro.png\",\"width\":1103,\"height\":835,\"caption\":\"Wordpress Nobacom Base\"},\"image\":{\"@id\":\"https:\/\/nobacom.net\/pwe0042-aire-acondicionado-y-calefaccion-layoutpack\/#\/schema\/logo\/image\/\"},\"sameAs\":[\"https:\/\/www.facebook.com\/nobacomdigital\"]}]}<\/script>\n<!-- \/ Yoast SEO plugin. -->","yoast_head_json":{"title":"Preguntas Frecuentes - pwe0042-aire-acondicionado-y-calefaccion-layoutpack","robots":{"index":"noindex","follow":"follow","max-snippet":"max-snippet:-1","max-image-preview":"max-image-preview:large","max-video-preview":"max-video-preview:-1"},"og_locale":"es_ES","og_type":"article","og_title":"Preguntas Frecuentes - pwe0042-aire-acondicionado-y-calefaccion-layoutpack","og_description":"Inicio Preguntas Frecuentes Lo Que Hacemos Ayuda Confiable de HVAC Cuando M\u00e1s la Necesitas \u00bfPor qu\u00e9 necesito cambiar mi filtro regularmente? Cambiar el filtro regularmente garantiza que el aire que circula por su sistema est\u00e9 limpio, mejora la eficiencia del equipo y prolonga su vida \u00fatil. Un filtro sucio puede hacer que el sistema trabaje [&hellip;]","og_url":"https:\/\/nobacom.net\/pwe0042-aire-acondicionado-y-calefaccion-layoutpack\/preguntas-frecuentes\/","og_site_name":"pwe0042-aire-acondicionado-y-calefaccion-layoutpack","article_publisher":"https:\/\/www.facebook.com\/nobacomdigital","article_modified_time":"2025-04-28T15:15:31+00:00","twitter_card":"summary_large_image","schema":{"@context":"https:\/\/schema.org","@graph":[{"@type":"WebPage","@id":"https:\/\/nobacom.net\/pwe0042-aire-acondicionado-y-calefaccion-layoutpack\/preguntas-frecuentes\/","url":"https:\/\/nobacom.net\/pwe0042-aire-acondicionado-y-calefaccion-layoutpack\/preguntas-frecuentes\/","name":"Preguntas Frecuentes - pwe0042-aire-acondicionado-y-calefaccion-layoutpack","isPartOf":{"@id":"https:\/\/nobacom.net\/pwe0042-aire-acondicionado-y-calefaccion-layoutpack\/#website"},"datePublished":"2024-02-23T09:52:54+00:00","dateModified":"2025-04-28T15:15:31+00:00","breadcrumb":{"@id":"https:\/\/nobacom.net\/pwe0042-aire-acondicionado-y-calefaccion-layoutpack\/preguntas-frecuentes\/#breadcrumb"},"inLanguage":"es","potentialAction":[{"@type":"ReadAction","target":["https:\/\/nobacom.net\/pwe0042-aire-acondicionado-y-calefaccion-layoutpack\/preguntas-frecuentes\/"]}]},{"@type":"BreadcrumbList","@id":"https:\/\/nobacom.net\/pwe0042-aire-acondicionado-y-calefaccion-layoutpack\/preguntas-frecuentes\/#breadcrumb","itemListElement":[{"@type":"ListItem","position":1,"name":"Portada","item":"https:\/\/nobacom.net\/pwe0042-aire-acondicionado-y-calefaccion-layoutpack\/"},{"@type":"ListItem","position":2,"name":"Preguntas Frecuentes"}]},{"@type":"WebSite","@id":"https:\/\/nobacom.net\/pwe0042-aire-acondicionado-y-calefaccion-layoutpack\/#website","url":"https:\/\/nobacom.net\/pwe0042-aire-acondicionado-y-calefaccion-layoutpack\/","name":"Wordpress Nobacom Base","description":"","publisher":{"@id":"https:\/\/nobacom.net\/pwe0042-aire-acondicionado-y-calefaccion-layoutpack\/#organization"},"potentialAction":[{"@type":"SearchAction","target":{"@type":"EntryPoint","urlTemplate":"https:\/\/nobacom.net\/pwe0042-aire-acondicionado-y-calefaccion-layoutpack\/?s={search_term_string}"},"query-input":{"@type":"PropertyValueSpecification","valueRequired":true,"valueName":"search_term_string"}}],"inLanguage":"es"},{"@type":"Organization","@id":"https:\/\/nobacom.net\/pwe0042-aire-acondicionado-y-calefaccion-layoutpack\/#organization","name":"Wordpress Nobacom Base","url":"https:\/\/nobacom.net\/pwe0042-aire-acondicionado-y-calefaccion-layoutpack\/","logo":{"@type":"ImageObject","inLanguage":"es","@id":"https:\/\/nobacom.net\/pwe0042-aire-acondicionado-y-calefaccion-layoutpack\/#\/schema\/logo\/image\/","url":"https:\/\/nobacom.net\/pwe0042-aire-acondicionado-y-calefaccion-layoutpack\/wp-content\/uploads\/2024\/12\/Logo-Nobacom-fondo-blanco-negro.png","contentUrl":"https:\/\/nobacom.net\/pwe0042-aire-acondicionado-y-calefaccion-layoutpack\/wp-content\/uploads\/2024\/12\/Logo-Nobacom-fondo-blanco-negro.png","width":1103,"height":835,"caption":"Wordpress Nobacom Base"},"image":{"@id":"https:\/\/nobacom.net\/pwe0042-aire-acondicionado-y-calefaccion-layoutpack\/#\/schema\/logo\/image\/"},"sameAs":["https:\/\/www.facebook.com\/nobacomdigital"]}]}},"_links":{"self":[{"href":"https:\/\/nobacom.net\/pwe0042-aire-acondicionado-y-calefaccion-layoutpack\/wp-json\/wp\/v2\/pages\/204","targetHints":{"allow":["GET"]}}],"collection":[{"href":"https:\/\/nobacom.net\/pwe0042-aire-acondicionado-y-calefaccion-layoutpack\/wp-json\/wp\/v2\/pages"}],"about":[{"href":"https:\/\/nobacom.net\/pwe0042-aire-acondicionado-y-calefaccion-layoutpack\/wp-json\/wp\/v2\/types\/page"}],"author":[{"embeddable":true,"href":"https:\/\/nobacom.net\/pwe0042-aire-acondicionado-y-calefaccion-layoutpack\/wp-json\/wp\/v2\/users\/1"}],"replies":[{"embeddable":true,"href":"https:\/\/nobacom.net\/pwe0042-aire-acondicionado-y-calefaccion-layoutpack\/wp-json\/wp\/v2\/comments?post=204"}],"version-history":[{"count":3,"href":"https:\/\/nobacom.net\/pwe0042-aire-acondicionado-y-calefaccion-layoutpack\/wp-json\/wp\/v2\/pages\/204\/revisions"}],"predecessor-version":[{"id":505,"href":"https:\/\/nobacom.net\/pwe0042-aire-acondicionado-y-calefaccion-layoutpack\/wp-json\/wp\/v2\/pages\/204\/revisions\/505"}],"wp:attachment":[{"href":"https:\/\/nobacom.net\/pwe0042-aire-acondicionado-y-calefaccion-layoutpack\/wp-json\/wp\/v2\/media?parent=204"}],"curies":[{"name":"wp","href":"https:\/\/api.w.org\/{rel}","templated":true}]}}