{"id":241,"date":"2024-07-30T10:56:36","date_gmt":"2024-07-30T10:56:36","guid":{"rendered":"https:\/\/bdlayoutspack.com\/breakdance-tradesman-layouts-pack\/?page_id=241"},"modified":"2025-05-06T12:24:31","modified_gmt":"2025-05-06T17:24:31","slug":"solicitar-cita","status":"publish","type":"page","link":"https:\/\/nobacom.net\/pwe0045-artesano-layoutpack\/solicitar-cita\/","title":{"rendered":"Solicitar cita"},"content":{"rendered":"<section class=\"bde-section-241-100 bde-section\">\n              \n  \n\t\n\n  <div class=\"section-background-overlay\"><\/div>\n\n\n<div class=\"section-container\"><div class=\"bde-div-241-101 bde-div\" data-entrance=\"slideUp\">\n  \n\t\n\n\n\n<div class=\"bde-columns-241-102 bde-columns\"><div class=\"bde-column-241-103 bde-column\">\n  \n\t\n\n\n\n<h5 class=\"bde-heading-241-104 bde-heading\">\nSolicitar cita\n<\/h5><div class=\"bde-fancy-divider-241-105 bde-fancy-divider\">\n\n\n<div class=\"bde-fancy-divider__wrapper\">\n  <div class=\"bde-fancy-divider__separator   \">\n  \t  <\/div>\n<\/div>\n\n<\/div><div class=\"bde-text-241-106 bde-text\">\nOfrecemos soluciones confiables en mantenimiento general con t\u00e9cnicos capacitados, listos para<br> ayudarte en cada proyecto que emprendas.\n<\/div><div class=\"bde-div-241-107 bde-div\">\n  \n\t\n\n\n\n<div class=\"bde-button-241-108 bde-button\">\n    \n                                    \n    \n    \n    \n    \n            \n                    \n            \n            \n\n    \n    \n    \n    \n    \n    <a class=\"breakdance-link button-atom button-atom--custom bde-button__button\" href=\"https:\/\/nobacom.net\/pwe0045-artesano-layoutpack\" target=\"_self\" data-type=\"url\"  >\n\n    \n        <span class=\"button-atom__text\">Inicio<\/span>\n\n        \n        \n                <\/a>\n\n    \n\n\n<\/div><div class=\"bde-button-241-109 bde-button\">\n    \n                                    \n    \n    \n    \n    \n            \n            <button type=\"button\" class=\"button-atom button-atom--custom bde-button__button\"  >\n    \n        <span class=\"button-atom__text\">Solicitar cita<\/span>\n\n                            \n        \n            <\/button>\n    \n\n\n<\/div>\n<\/div>\n<\/div><\/div>\n<\/div><\/div>\n<\/section><section class=\"bde-section-241-110 bde-section\">\n  \n\t\n\n\n\n<div class=\"section-container\"><div class=\"bde-div-241-111 bde-div\">\n  \n\t\n\n\n\n<div class=\"bde-columns-241-112 bde-columns\"><div class=\"bde-column-241-113 bde-column\">\n  \n\t\n\n\n\n<div class=\"bde-text-241-114 bde-text\">\nT\u00e9cnico de mantenimiento\n<\/div><h3 class=\"bde-heading-241-115 bde-heading\">\nCita V1\n<\/h3><div class=\"bde-div-241-116 bde-div\">\n  \n\t\n\n\n\n<div class=\"bde-fancy-divider-241-117 bde-fancy-divider\">\n\n\n<div class=\"bde-fancy-divider__wrapper\">\n  <div class=\"bde-fancy-divider__separator   \">\n  \t  <\/div>\n<\/div>\n\n<\/div><div class=\"bde-fancy-divider-241-118 bde-fancy-divider\">\n\n\n<div class=\"bde-fancy-divider__wrapper\">\n  <div class=\"bde-fancy-divider__separator   \">\n  \t  <\/div>\n<\/div>\n\n<\/div><div class=\"bde-fancy-divider-241-119 bde-fancy-divider\">\n\n\n<div class=\"bde-fancy-divider__wrapper\">\n  <div class=\"bde-fancy-divider__separator   \">\n  \t  <\/div>\n<\/div>\n\n<\/div>\n<\/div><div class=\"bde-text-241-120 bde-text\">\nAgenda tu cita de mantenimiento hoy mismo. Nuestro equipo te brindar\u00e1 soluciones r\u00e1pidas y efectivas para tus necesidades.\n<\/div>\n<\/div><\/div>\n<\/div><\/div>\n<\/section><section class=\"bde-section-241-149 bde-section\">\n              \n  \n\t\n\n  <div class=\"section-background-overlay\"><\/div>\n\n\n<div class=\"section-container\"><div class=\"bde-div-241-160 bde-div\">\n  \n\t\n\n\n\n<div class=\"bde-columns-241-169 bde-columns\"><div class=\"bde-column-241-170 bde-column\">\n  \n\t\n\n\n\n<div class=\"bde-text-241-161 bde-text\">\nT\u00e9cnico de mantenimiento\n<\/div><h3 class=\"bde-heading-241-162 bde-heading\">\nHaz una cita\n<\/h3><div class=\"bde-div-241-163 bde-div\">\n  \n\t\n\n\n\n<div class=\"bde-fancy-divider-241-164 bde-fancy-divider\">\n\n\n<div class=\"bde-fancy-divider__wrapper\">\n  <div class=\"bde-fancy-divider__separator   \">\n  \t  <\/div>\n<\/div>\n\n<\/div><div class=\"bde-fancy-divider-241-165 bde-fancy-divider\">\n\n\n<div class=\"bde-fancy-divider__wrapper\">\n  <div class=\"bde-fancy-divider__separator   \">\n  \t  <\/div>\n<\/div>\n\n<\/div><div class=\"bde-fancy-divider-241-166 bde-fancy-divider\">\n\n\n<div class=\"bde-fancy-divider__wrapper\">\n  <div class=\"bde-fancy-divider__separator   \">\n  \t  <\/div>\n<\/div>\n\n<\/div>\n<\/div><div class=\"bde-text-241-167 bde-text\">\nSolicita tu cita f\u00e1cilmente completando el formulario. Estaremos encantados de ayudarte con cualquier necesidad de mantenimiento.\n<\/div><div class=\"bde-form-builder-241-168 bde-form-builder\">\n\n\n<form id=\"contact-form168\" class=\"breakdance-form breakdance-form--vertical has-breakpoints\" data-options=\"{&quot;slug&quot;:&quot;custom&quot;,&quot;name&quot;:&quot;Contact Form&quot;,&quot;ajaxUrl&quot;:&quot;https:\\\/\\\/nobacom.net\\\/pwe0045-artesano-layoutpack\\\/wp-admin\\\/admin-ajax.php&quot;,&quot;clearOnSuccess&quot;:true,&quot;hideOnSuccess&quot;:false,&quot;successMessage&quot;:&quot;\\u00a1Tu mensaje ha sido recibido!&quot;,&quot;errorMessage&quot;:&quot;Algo sali\\u00f3 mal&quot;,&quot;redirect&quot;:false,&quot;redirectUrl&quot;:&quot;&quot;,&quot;customJavaScript&quot;:&quot;&quot;,&quot;recaptcha&quot;:{&quot;key&quot;:&quot;&quot;,&quot;enabled&quot;:false},&quot;honeypot_enabled&quot;:false,&quot;popupsOnSuccess&quot;:[],&quot;popupsOnError&quot;:[]}\" data-steps=\"0\" >\n  \n  \n  \n<div class=\"breakdance-form-field breakdance-form-field--text\" >\n    \n    \n    \n    <input\n    class=\"breakdance-form-field__input\"\n    id=\"name\"\n    aria-describedby=\"name\"\n    type=\"text\"\n    name=\"fields[name]\"\n    placeholder=\"Nombre\"\n    value=\"\"\n                \n        \n        \n    required\n    \n    \n>\n\n\n    \n    \n<\/div>\n\n\n<div class=\"breakdance-form-field breakdance-form-field--text\" >\n    \n    \n    \n    <input\n    class=\"breakdance-form-field__input\"\n    id=\"zgxmsa\"\n    aria-describedby=\"zgxmsa\"\n    type=\"text\"\n    name=\"fields[zgxmsa]\"\n    placeholder=\"Email\"\n    value=\"\"\n                \n        \n        \n    \n    \n    \n>\n\n\n    \n    \n<\/div>\n\n\n<div class=\"breakdance-form-field breakdance-form-field--text\" >\n    \n    \n    \n    <input\n    class=\"breakdance-form-field__input\"\n    id=\"mkcepa\"\n    aria-describedby=\"mkcepa\"\n    type=\"text\"\n    name=\"fields[mkcepa]\"\n    placeholder=\"Tel\u00e9fono\"\n    value=\"\"\n                \n        \n        \n    \n    \n    \n>\n\n\n    \n    \n<\/div>\n\n\n<div class=\"breakdance-form-field breakdance-form-field--text\" >\n    \n    \n    \n    <input\n    class=\"breakdance-form-field__input\"\n    id=\"ecynwm\"\n    aria-describedby=\"ecynwm\"\n    type=\"text\"\n    name=\"fields[ecynwm]\"\n    placeholder=\"Direcci\u00f3n\"\n    value=\"\"\n                \n        \n        \n    \n    \n    \n>\n\n\n    \n    \n<\/div>\n\n\n<div class=\"breakdance-form-field breakdance-form-field--select\" >\n    \n    \n    \n    <select\n    class=\"breakdance-form-field__input\"\n    id=\"tplwdn\"\n    name=\"fields[tplwdn]\"\n    \n    \n        >\n      <option value=\"\">Categor\u00eda<\/option>\n          <option value=\"Servicios residenciales\" >Servicios residenciales<\/option>\n        <option value=\"Servicios comerciales\" >Servicios comerciales<\/option>\n  <\/select>\n\n\n    \n    \n<\/div>\n\n\n<div class=\"breakdance-form-field breakdance-form-field--date\" >\n    \n    \n    \n    <input\n    class=\"breakdance-form-field__input\"\n    id=\"bzckxx\"\n    aria-describedby=\"bzckxx\"\n    type=\"date\"\n    name=\"fields[bzckxx]\"\n    placeholder=\"Date\"\n    value=\"2024-07-09\"\n                \n        \n        \n    \n    \n    \n>\n\n\n    \n    \n<\/div>\n\n\n  \n\n<div class=\"breakdance-form-field breakdance-form-footer\">\n    \n    \n                                    \n    \n    \n    \n    \n            \n            <button type=\"submit\" class=\"button-atom button-atom--primary breakdance-form-button breakdance-form-button__submit\"  >\n    \n        <span class=\"button-atom__text\">Confirmar cita<\/span>\n\n        \n        \n            <\/button>\n    \n    <input type=\"hidden\" name=\"form_id\" value=\"168\">\n    <input type=\"hidden\" name=\"post_id\" value=\"241\">\n<\/div>\n\n  \n<\/form>\n\n\n\n<\/div>\n<\/div><\/div>\n<\/div><\/div>\n<\/section><section class=\"bde-section-241-172 bde-section\">\n  \n\t\n\n\n\n<div class=\"section-container\"><div class=\"bde-div-241-173 bde-div\">\n  \n\t\n\n\n\n<div class=\"bde-columns-241-174 bde-columns\"><div class=\"bde-column-241-175 bde-column\">\n  \n\t\n\n\n\n<div class=\"bde-text-241-195 bde-text\">\nT\u00e9cnico de mantenimiento\n<\/div><h3 class=\"bde-heading-241-196 bde-heading\">\nCita V2\n<\/h3><div class=\"bde-div-241-178 bde-div\">\n  \n\t\n\n\n\n<div class=\"bde-fancy-divider-241-179 bde-fancy-divider\">\n\n\n<div class=\"bde-fancy-divider__wrapper\">\n  <div class=\"bde-fancy-divider__separator   \">\n  \t  <\/div>\n<\/div>\n\n<\/div><div class=\"bde-fancy-divider-241-180 bde-fancy-divider\">\n\n\n<div class=\"bde-fancy-divider__wrapper\">\n  <div class=\"bde-fancy-divider__separator   \">\n  \t  <\/div>\n<\/div>\n\n<\/div><div class=\"bde-fancy-divider-241-181 bde-fancy-divider\">\n\n\n<div class=\"bde-fancy-divider__wrapper\">\n  <div class=\"bde-fancy-divider__separator   \">\n  \t  <\/div>\n<\/div>\n\n<\/div>\n<\/div><div class=\"bde-text-241-182 bde-text\">\nConfirma tu cita de mantenimiento completando el formulario. Nuestro equipo estar\u00e1 listo para ayudarte r\u00e1pidamente.\n<\/div>\n<\/div><\/div>\n<\/div><\/div>\n<\/section><section class=\"bde-section-241-183 bde-section\">\n              \n  \n\t\n\n  <div class=\"section-background-overlay\"><\/div>\n\n\n<div class=\"section-container\"><div class=\"bde-div-241-184 bde-div\">\n  \n\t\n\n\n\n<div class=\"bde-columns-241-185 bde-columns\"><div class=\"bde-column-241-186 bde-column\">\n  \n\t\n\n\n\n<h3 class=\"bde-heading-241-188 bde-heading\">\nObt\u00e9n una cotizaci\u00f3n gratuita\n<\/h3><div class=\"bde-form-builder-241-194 bde-form-builder\">\n\n\n<form id=\"contact-form194\" class=\"breakdance-form breakdance-form--vertical has-breakpoints\" data-options=\"{&quot;slug&quot;:&quot;custom&quot;,&quot;name&quot;:&quot;Contact Form&quot;,&quot;ajaxUrl&quot;:&quot;https:\\\/\\\/nobacom.net\\\/pwe0045-artesano-layoutpack\\\/wp-admin\\\/admin-ajax.php&quot;,&quot;clearOnSuccess&quot;:true,&quot;hideOnSuccess&quot;:false,&quot;successMessage&quot;:&quot;\\u00a1Tu mensaje ha sido recibido!&quot;,&quot;errorMessage&quot;:&quot;Algo sali\\u00f3 mal&quot;,&quot;redirect&quot;:false,&quot;redirectUrl&quot;:&quot;&quot;,&quot;customJavaScript&quot;:&quot;&quot;,&quot;recaptcha&quot;:{&quot;key&quot;:&quot;&quot;,&quot;enabled&quot;:false},&quot;honeypot_enabled&quot;:false,&quot;popupsOnSuccess&quot;:[],&quot;popupsOnError&quot;:[]}\" data-steps=\"0\" >\n  \n  \n  \n<div class=\"breakdance-form-field breakdance-form-field--text\" >\n    \n    \n    \n    <input\n    class=\"breakdance-form-field__input\"\n    id=\"name\"\n    aria-describedby=\"name\"\n    type=\"text\"\n    name=\"fields[name]\"\n    placeholder=\"Nombre\"\n    value=\"\"\n                \n        \n        \n    required\n    \n    \n>\n\n\n    \n    \n<\/div>\n\n\n<div class=\"breakdance-form-field breakdance-form-field--select\" >\n    \n    \n    \n    <select\n    class=\"breakdance-form-field__input\"\n    id=\"tplwdn\"\n    name=\"fields[tplwdn]\"\n    \n    \n        >\n      <option value=\"\">Tu categor\u00eda<\/option>\n          <option value=\"Servicios residenciales\" >Servicios residenciales<\/option>\n        <option value=\"Servicios comerciales\" >Servicios comerciales<\/option>\n  <\/select>\n\n\n    \n    \n<\/div>\n\n\n<div class=\"breakdance-form-field breakdance-form-field--text\" >\n    \n    \n    \n    <input\n    class=\"breakdance-form-field__input\"\n    id=\"zgxmsa\"\n    aria-describedby=\"zgxmsa\"\n    type=\"text\"\n    name=\"fields[zgxmsa]\"\n    placeholder=\"Email\"\n    value=\"\"\n                \n        \n        \n    \n    \n    \n>\n\n\n    \n    \n<\/div>\n\n\n<div class=\"breakdance-form-field breakdance-form-field--text\" >\n    \n    \n    \n    <input\n    class=\"breakdance-form-field__input\"\n    id=\"mkcepa\"\n    aria-describedby=\"mkcepa\"\n    type=\"text\"\n    name=\"fields[mkcepa]\"\n    placeholder=\"Tel\u00e9fono\"\n    value=\"\"\n                \n        \n        \n    \n    \n    \n>\n\n\n    \n    \n<\/div>\n\n\n<div class=\"breakdance-form-field breakdance-form-field--textarea\" >\n    \n    \n    \n    <textarea\n    class=\"breakdance-form-field__input\"\n    id=\"uwxhxm\"\n    aria-describedby=\"uwxhxm\"\n    type=\"textarea\"\n    name=\"fields[uwxhxm]\"\n        rows=\"5\"\n        placeholder=\"Mensaje\"\n    \n    >\n<\/textarea>\n\n\n    \n    \n<\/div>\n\n\n  \n\n<div class=\"breakdance-form-field breakdance-form-footer\">\n    \n    \n                                    \n    \n    \n    \n    \n            \n            <button type=\"submit\" class=\"button-atom button-atom--primary breakdance-form-button breakdance-form-button__submit\"  >\n    \n        <span class=\"button-atom__text\">Enviar ahora<\/span>\n\n        \n        \n            <\/button>\n    \n    <input type=\"hidden\" name=\"form_id\" value=\"194\">\n    <input type=\"hidden\" name=\"post_id\" value=\"241\">\n<\/div>\n\n  \n<\/form>\n\n\n\n<\/div>\n<\/div><\/div>\n<\/div><\/div>\n<\/section>","protected":false},"excerpt":{"rendered":"<p>Solicitar cita Ofrecemos soluciones confiables en mantenimiento general con t\u00e9cnicos capacitados, listos para ayudarte en cada proyecto que emprendas. Inicio Solicitar cita T\u00e9cnico de mantenimiento Cita V1 Agenda tu cita de mantenimiento hoy mismo. Nuestro equipo te brindar\u00e1 soluciones r\u00e1pidas y efectivas para tus necesidades. T\u00e9cnico de mantenimiento Haz una cita Solicita tu cita f\u00e1cilmente [&hellip;]<\/p>\n","protected":false},"author":1,"featured_media":0,"parent":0,"menu_order":0,"comment_status":"closed","ping_status":"closed","template":"","meta":{"_breakdance_hide_in_design_set":false,"_breakdance_tags":"","_joinchat":[],"footnotes":""},"class_list":["post-241","page","type-page","status-publish","hentry"],"yoast_head":"<!-- This site is optimized with the Yoast SEO plugin v24.7 - https:\/\/yoast.com\/wordpress\/plugins\/seo\/ -->\n<title>Solicitar cita - pwe0045-artesano-layoutpack<\/title>\n<meta name=\"robots\" content=\"noindex, follow, max-snippet:-1, max-image-preview:large, max-video-preview:-1\" \/>\n<meta property=\"og:locale\" content=\"es_ES\" \/>\n<meta property=\"og:type\" content=\"article\" \/>\n<meta property=\"og:title\" content=\"Solicitar cita - pwe0045-artesano-layoutpack\" \/>\n<meta property=\"og:description\" content=\"Solicitar cita Ofrecemos soluciones confiables en mantenimiento general con t\u00e9cnicos capacitados, listos para ayudarte en cada proyecto que emprendas. Inicio Solicitar cita T\u00e9cnico de mantenimiento Cita V1 Agenda tu cita de mantenimiento hoy mismo. Nuestro equipo te brindar\u00e1 soluciones r\u00e1pidas y efectivas para tus necesidades. T\u00e9cnico de mantenimiento Haz una cita Solicita tu cita f\u00e1cilmente [&hellip;]\" \/>\n<meta property=\"og:url\" content=\"https:\/\/nobacom.net\/pwe0045-artesano-layoutpack\/solicitar-cita\/\" \/>\n<meta property=\"og:site_name\" content=\"pwe0045-artesano-layoutpack\" \/>\n<meta property=\"article:publisher\" content=\"https:\/\/www.facebook.com\/nobacomdigital\" \/>\n<meta property=\"article:modified_time\" content=\"2025-05-06T17:24:31+00:00\" \/>\n<meta name=\"twitter:card\" content=\"summary_large_image\" \/>\n<script type=\"application\/ld+json\" class=\"yoast-schema-graph\">{\"@context\":\"https:\/\/schema.org\",\"@graph\":[{\"@type\":\"WebPage\",\"@id\":\"https:\/\/nobacom.net\/pwe0045-artesano-layoutpack\/solicitar-cita\/\",\"url\":\"https:\/\/nobacom.net\/pwe0045-artesano-layoutpack\/solicitar-cita\/\",\"name\":\"Solicitar cita - pwe0045-artesano-layoutpack\",\"isPartOf\":{\"@id\":\"https:\/\/nobacom.net\/pwe0045-artesano-layoutpack\/#website\"},\"datePublished\":\"2024-07-30T10:56:36+00:00\",\"dateModified\":\"2025-05-06T17:24:31+00:00\",\"breadcrumb\":{\"@id\":\"https:\/\/nobacom.net\/pwe0045-artesano-layoutpack\/solicitar-cita\/#breadcrumb\"},\"inLanguage\":\"es\",\"potentialAction\":[{\"@type\":\"ReadAction\",\"target\":[\"https:\/\/nobacom.net\/pwe0045-artesano-layoutpack\/solicitar-cita\/\"]}]},{\"@type\":\"BreadcrumbList\",\"@id\":\"https:\/\/nobacom.net\/pwe0045-artesano-layoutpack\/solicitar-cita\/#breadcrumb\",\"itemListElement\":[{\"@type\":\"ListItem\",\"position\":1,\"name\":\"Portada\",\"item\":\"https:\/\/nobacom.net\/pwe0045-artesano-layoutpack\/\"},{\"@type\":\"ListItem\",\"position\":2,\"name\":\"Solicitar cita\"}]},{\"@type\":\"WebSite\",\"@id\":\"https:\/\/nobacom.net\/pwe0045-artesano-layoutpack\/#website\",\"url\":\"https:\/\/nobacom.net\/pwe0045-artesano-layoutpack\/\",\"name\":\"Wordpress Nobacom Base\",\"description\":\"\",\"publisher\":{\"@id\":\"https:\/\/nobacom.net\/pwe0045-artesano-layoutpack\/#organization\"},\"potentialAction\":[{\"@type\":\"SearchAction\",\"target\":{\"@type\":\"EntryPoint\",\"urlTemplate\":\"https:\/\/nobacom.net\/pwe0045-artesano-layoutpack\/?s={search_term_string}\"},\"query-input\":{\"@type\":\"PropertyValueSpecification\",\"valueRequired\":true,\"valueName\":\"search_term_string\"}}],\"inLanguage\":\"es\"},{\"@type\":\"Organization\",\"@id\":\"https:\/\/nobacom.net\/pwe0045-artesano-layoutpack\/#organization\",\"name\":\"Wordpress Nobacom Base\",\"url\":\"https:\/\/nobacom.net\/pwe0045-artesano-layoutpack\/\",\"logo\":{\"@type\":\"ImageObject\",\"inLanguage\":\"es\",\"@id\":\"https:\/\/nobacom.net\/pwe0045-artesano-layoutpack\/#\/schema\/logo\/image\/\",\"url\":\"https:\/\/nobacom.net\/pwe0045-artesano-layoutpack\/wp-content\/uploads\/2024\/12\/Logo-Nobacom-fondo-blanco-negro.png\",\"contentUrl\":\"https:\/\/nobacom.net\/pwe0045-artesano-layoutpack\/wp-content\/uploads\/2024\/12\/Logo-Nobacom-fondo-blanco-negro.png\",\"width\":1103,\"height\":835,\"caption\":\"Wordpress Nobacom Base\"},\"image\":{\"@id\":\"https:\/\/nobacom.net\/pwe0045-artesano-layoutpack\/#\/schema\/logo\/image\/\"},\"sameAs\":[\"https:\/\/www.facebook.com\/nobacomdigital\"]}]}<\/script>\n<!-- \/ Yoast SEO plugin. -->","yoast_head_json":{"title":"Solicitar cita - pwe0045-artesano-layoutpack","robots":{"index":"noindex","follow":"follow","max-snippet":"max-snippet:-1","max-image-preview":"max-image-preview:large","max-video-preview":"max-video-preview:-1"},"og_locale":"es_ES","og_type":"article","og_title":"Solicitar cita - pwe0045-artesano-layoutpack","og_description":"Solicitar cita Ofrecemos soluciones confiables en mantenimiento general con t\u00e9cnicos capacitados, listos para ayudarte en cada proyecto que emprendas. Inicio Solicitar cita T\u00e9cnico de mantenimiento Cita V1 Agenda tu cita de mantenimiento hoy mismo. Nuestro equipo te brindar\u00e1 soluciones r\u00e1pidas y efectivas para tus necesidades. T\u00e9cnico de mantenimiento Haz una cita Solicita tu cita f\u00e1cilmente [&hellip;]","og_url":"https:\/\/nobacom.net\/pwe0045-artesano-layoutpack\/solicitar-cita\/","og_site_name":"pwe0045-artesano-layoutpack","article_publisher":"https:\/\/www.facebook.com\/nobacomdigital","article_modified_time":"2025-05-06T17:24:31+00:00","twitter_card":"summary_large_image","schema":{"@context":"https:\/\/schema.org","@graph":[{"@type":"WebPage","@id":"https:\/\/nobacom.net\/pwe0045-artesano-layoutpack\/solicitar-cita\/","url":"https:\/\/nobacom.net\/pwe0045-artesano-layoutpack\/solicitar-cita\/","name":"Solicitar cita - pwe0045-artesano-layoutpack","isPartOf":{"@id":"https:\/\/nobacom.net\/pwe0045-artesano-layoutpack\/#website"},"datePublished":"2024-07-30T10:56:36+00:00","dateModified":"2025-05-06T17:24:31+00:00","breadcrumb":{"@id":"https:\/\/nobacom.net\/pwe0045-artesano-layoutpack\/solicitar-cita\/#breadcrumb"},"inLanguage":"es","potentialAction":[{"@type":"ReadAction","target":["https:\/\/nobacom.net\/pwe0045-artesano-layoutpack\/solicitar-cita\/"]}]},{"@type":"BreadcrumbList","@id":"https:\/\/nobacom.net\/pwe0045-artesano-layoutpack\/solicitar-cita\/#breadcrumb","itemListElement":[{"@type":"ListItem","position":1,"name":"Portada","item":"https:\/\/nobacom.net\/pwe0045-artesano-layoutpack\/"},{"@type":"ListItem","position":2,"name":"Solicitar cita"}]},{"@type":"WebSite","@id":"https:\/\/nobacom.net\/pwe0045-artesano-layoutpack\/#website","url":"https:\/\/nobacom.net\/pwe0045-artesano-layoutpack\/","name":"Wordpress Nobacom Base","description":"","publisher":{"@id":"https:\/\/nobacom.net\/pwe0045-artesano-layoutpack\/#organization"},"potentialAction":[{"@type":"SearchAction","target":{"@type":"EntryPoint","urlTemplate":"https:\/\/nobacom.net\/pwe0045-artesano-layoutpack\/?s={search_term_string}"},"query-input":{"@type":"PropertyValueSpecification","valueRequired":true,"valueName":"search_term_string"}}],"inLanguage":"es"},{"@type":"Organization","@id":"https:\/\/nobacom.net\/pwe0045-artesano-layoutpack\/#organization","name":"Wordpress Nobacom Base","url":"https:\/\/nobacom.net\/pwe0045-artesano-layoutpack\/","logo":{"@type":"ImageObject","inLanguage":"es","@id":"https:\/\/nobacom.net\/pwe0045-artesano-layoutpack\/#\/schema\/logo\/image\/","url":"https:\/\/nobacom.net\/pwe0045-artesano-layoutpack\/wp-content\/uploads\/2024\/12\/Logo-Nobacom-fondo-blanco-negro.png","contentUrl":"https:\/\/nobacom.net\/pwe0045-artesano-layoutpack\/wp-content\/uploads\/2024\/12\/Logo-Nobacom-fondo-blanco-negro.png","width":1103,"height":835,"caption":"Wordpress Nobacom Base"},"image":{"@id":"https:\/\/nobacom.net\/pwe0045-artesano-layoutpack\/#\/schema\/logo\/image\/"},"sameAs":["https:\/\/www.facebook.com\/nobacomdigital"]}]}},"_links":{"self":[{"href":"https:\/\/nobacom.net\/pwe0045-artesano-layoutpack\/wp-json\/wp\/v2\/pages\/241","targetHints":{"allow":["GET"]}}],"collection":[{"href":"https:\/\/nobacom.net\/pwe0045-artesano-layoutpack\/wp-json\/wp\/v2\/pages"}],"about":[{"href":"https:\/\/nobacom.net\/pwe0045-artesano-layoutpack\/wp-json\/wp\/v2\/types\/page"}],"author":[{"embeddable":true,"href":"https:\/\/nobacom.net\/pwe0045-artesano-layoutpack\/wp-json\/wp\/v2\/users\/1"}],"replies":[{"embeddable":true,"href":"https:\/\/nobacom.net\/pwe0045-artesano-layoutpack\/wp-json\/wp\/v2\/comments?post=241"}],"version-history":[{"count":13,"href":"https:\/\/nobacom.net\/pwe0045-artesano-layoutpack\/wp-json\/wp\/v2\/pages\/241\/revisions"}],"predecessor-version":[{"id":842,"href":"https:\/\/nobacom.net\/pwe0045-artesano-layoutpack\/wp-json\/wp\/v2\/pages\/241\/revisions\/842"}],"wp:attachment":[{"href":"https:\/\/nobacom.net\/pwe0045-artesano-layoutpack\/wp-json\/wp\/v2\/media?parent=241"}],"curies":[{"name":"wp","href":"https:\/\/api.w.org\/{rel}","templated":true}]}}