{"id":52,"date":"2024-08-01T03:23:55","date_gmt":"2024-08-01T03:23:55","guid":{"rendered":"https:\/\/bdlayoutsplus.com\/breakdance-clinic-layouts-pack\/?page_id=52"},"modified":"2025-05-15T16:56:27","modified_gmt":"2025-05-15T21:56:27","slug":"contactenos","status":"publish","type":"page","link":"https:\/\/nobacom.net\/pwe0054-clinica-layoutpack\/contactenos\/","title":{"rendered":"Cont\u00e1ctenos"},"content":{"rendered":"<section class=\"bde-section-52-100 bde-section\">\n              \n  \n\t\n\n  <div class=\"section-background-overlay\"><\/div>\n\n\n<div class=\"section-container\"><div class=\"bde-div-52-101 bde-div\" data-entrance=\"slideUp\">\n  \n\t\n\n\n\n<div class=\"bde-columns-52-102 bde-columns\"><div class=\"bde-column-52-103 bde-column\">\n  \n\t\n\n\n\n<h1 class=\"bde-heading-52-104 bde-heading\">\nCont\u00e1ctenos\n<\/h1><div class=\"bde-div-52-105 bde-div\">\n  \n\t\n\n\n\n<div class=\"bde-button-52-106 bde-button\">\n    \n                                    \n    \n    \n    \n    \n            \n                    \n            \n            \n\n    \n    \n    \n    \n    \n    <a class=\"breakdance-link button-atom button-atom--custom bde-button__button\" href=\"https:\/\/nobacom.net\/pwe0054-clinica-layoutpack\" target=\"_self\" data-type=\"url\"  >\n\n    \n        <span class=\"button-atom__text\">Inicio<\/span>\n\n                            \n        \n                <\/a>\n\n    \n\n\n<\/div><div class=\"bde-button-52-107 bde-button\">\n    \n                                    \n    \n    \n    \n    \n            \n            <button type=\"button\" class=\"button-atom button-atom--custom bde-button__button\"  >\n    \n        <span class=\"button-atom__text\">Cont\u00e1ctenos<\/span>\n\n                            \n        \n            <\/button>\n    \n\n\n<\/div>\n<\/div>\n<\/div><\/div>\n<\/div><\/div>\n<\/section><section class=\"bde-section-52-108 bde-section\">\n  \n\t\n\n\n\n<div class=\"section-container\"><div class=\"bde-div-52-109 bde-div\" data-entrance=\"slideUp\">\n  \n\t\n\n\n\n<div class=\"bde-columns-52-110 bde-columns\"><div class=\"bde-column-52-121 bde-column\">\n  \n\t\n\n\n\n<div class=\"bde-icon-52-128 bde-icon\">\n\n    \n            <div class=\"bde-icon-icon breakdance-icon-atom\" >\n    \n                    <svg xmlns=\"http:\/\/www.w3.org\/2000\/svg\" viewBox=\"0 0 512 512\"><!--! Font Awesome Free 6.5.1 by @fontawesome - https:\/\/fontawesome.com License - https:\/\/fontawesome.com\/license\/free (Icons: CC BY 4.0, Fonts: SIL OFL 1.1, Code: MIT License) Copyright 2023 Fonticons, Inc. --><path d=\"M164.9 24.6c-7.7-18.6-28-28.5-47.4-23.2l-88 24C12.1 30.2 0 46 0 64C0 311.4 200.6 512 448 512c18 0 33.8-12.1 38.6-29.5l24-88c5.3-19.4-4.6-39.7-23.2-47.4l-96-40c-16.3-6.8-35.2-2.1-46.3 11.6L304.7 368C234.3 334.7 177.3 277.7 144 207.3L193.3 167c13.7-11.2 18.4-30 11.6-46.3l-40-96z\"\/><\/svg>\n        \n        \n        \n            <\/div>\n    \n\n\n<\/div><div class=\"bde-div-52-129 bde-div\">\n  \n\t\n\n\n\n<h4 class=\"bde-heading-52-130 bde-heading\">\nTel\u00e9fono\n<\/h4><div class=\"bde-text-52-131 bde-text\">\n314 314 1496\n<\/div>\n<\/div>\n<\/div><div class=\"bde-column-52-132 bde-column\">\n  \n\t\n\n\n\n<div class=\"bde-icon-52-133 bde-icon\">\n\n    \n            <div class=\"bde-icon-icon breakdance-icon-atom\" >\n    \n                    <svg xmlns=\"http:\/\/www.w3.org\/2000\/svg\" viewBox=\"0 0 512 512\"><!--! Font Awesome Free 6.5.1 by @fontawesome - https:\/\/fontawesome.com License - https:\/\/fontawesome.com\/license\/free (Icons: CC BY 4.0, Fonts: SIL OFL 1.1, Code: MIT License) Copyright 2023 Fonticons, Inc. --><path d=\"M48 64C21.5 64 0 85.5 0 112c0 15.1 7.1 29.3 19.2 38.4L236.8 313.6c11.4 8.5 27 8.5 38.4 0L492.8 150.4c12.1-9.1 19.2-23.3 19.2-38.4c0-26.5-21.5-48-48-48H48zM0 176V384c0 35.3 28.7 64 64 64H448c35.3 0 64-28.7 64-64V176L294.4 339.2c-22.8 17.1-54 17.1-76.8 0L0 176z\"\/><\/svg>\n        \n        \n        \n            <\/div>\n    \n\n\n<\/div><div class=\"bde-div-52-134 bde-div\">\n  \n\t\n\n\n\n<h4 class=\"bde-heading-52-135 bde-heading\">\nEmail\n<\/h4><div class=\"bde-text-52-136 bde-text\">\ninfo@nobacom.com\n<\/div>\n<\/div>\n<\/div><div class=\"bde-column-52-137 bde-column\">\n  \n\t\n\n\n\n<div class=\"bde-icon-52-138 bde-icon\">\n\n    \n            <div class=\"bde-icon-icon breakdance-icon-atom\" >\n    \n                    <svg xmlns=\"http:\/\/www.w3.org\/2000\/svg\" id=\"icon-location\" viewBox=\"0 0 32 32\">\n<path d=\"M16 0c-5.523 0-10 4.477-10 10 0 10 10 22 10 22s10-12 10-22c0-5.523-4.477-10-10-10zM16 16c-3.314 0-6-2.686-6-6s2.686-6 6-6 6 2.686 6 6-2.686 6-6 6z\"\/>\n<\/svg>\n        \n        \n        \n            <\/div>\n    \n\n\n<\/div><div class=\"bde-div-52-139 bde-div\">\n  \n\t\n\n\n\n<h4 class=\"bde-heading-52-140 bde-heading\">\nDirecci\u00f3n\n<\/h4><div class=\"bde-text-52-141 bde-text\">\nCalle 103 # 34 - 21\n<\/div>\n<\/div>\n<\/div><\/div>\n<\/div><div class=\"bde-div-52-113 bde-div\" data-entrance=\"slideUp\">\n  \n\t\n\n\n\n<div class=\"bde-columns-52-114 bde-columns\"><div class=\"bde-column-52-115 bde-column\">\n  \n\t\n\n\n\n<div class=\"bde-shortcode-52-142 bde-shortcode\">\n<iframe src=\"https:\/\/www.google.com\/maps\/embed?pb=!1m18!1m12!1m3!1d3976.474158898761!2d-74.04861772411823!3d4.687354841771256!2m3!1f0!2f0!3f0!3m2!1i1024!2i768!4f13.1!3m3!1m2!1s0x8e3f9abdbfa5b18d%3A0x4e607c0e1c097d1a!2zQ2wuIDEwMyAjIDE0LTM0LCBVc2FxdcOpbiwgQm9nb3TDoSwgRC5DLiwgQm9nb3TDoSwgQm9nb3TDoSwgRC5DLg!5e0!3m2!1ses!2sco!4v1743006105779!5m2!1ses!2sco\" width=\"100%\" height=\"100%\" style=\"border:0;\" allowfullscreen=\"\" loading=\"lazy\" referrerpolicy=\"no-referrer-when-downgrade\"><\/iframe>\n<\/div>\n<\/div><\/div>\n<\/div><\/div>\n<\/section><section class=\"bde-section-52-143 bde-section\">\n  \n\t\n\n\n\n<div class=\"section-container\"><div class=\"bde-div-52-144 bde-div\" data-entrance=\"slideUp\">\n  \n\t\n\n\n\n<div class=\"bde-columns-52-145 bde-columns\"><div class=\"bde-column-52-146 bde-column\">\n  \n\t\n\n\n\n<div class=\"bde-image-52-147 bde-image\">\n<figure class=\"breakdance-image breakdance-image--272\">\n\t<div class=\"breakdance-image-container\">\n\t\t<div class=\"breakdance-image-clip\"><img loading=\"lazy\" decoding=\"async\" class=\"breakdance-image-object\" src=\"https:\/\/bdlayoutsplus.com\/breakdance-clinic-layouts-pack\/wp-content\/uploads\/sites\/47\/2024\/08\/Breakdance_Clinic_Img_18.png\" width=\"527\" height=\"636\" srcset=\"https:\/\/bdlayoutsplus.com\/breakdance-clinic-layouts-pack\/wp-content\/uploads\/sites\/47\/2024\/08\/Breakdance_Clinic_Img_18.png 527w, https:\/\/bdlayoutsplus.com\/breakdance-clinic-layouts-pack\/wp-content\/uploads\/sites\/47\/2024\/08\/Breakdance_Clinic_Img_18-249x300.png 249w\" sizes=\"auto, (max-width: 527px) 100vw, 527px\"><\/div>\n\t<\/div><\/figure>\n\n<\/div>\n<\/div><div class=\"bde-column-52-148 bde-column\">\n  \n\t\n\n\n\n<div class=\"bde-div-52-149 bde-div\">\n  \n\t\n\n\n\n<div class=\"bde-icon-52-150 bde-icon\">\n\n    \n            <div class=\"bde-icon-icon breakdance-icon-atom\" >\n    \n                    <svg xmlns=\"http:\/\/www.w3.org\/2000\/svg\" viewBox=\"0 0 576 512\"><!--! Font Awesome Free 6.5.1 by @fontawesome - https:\/\/fontawesome.com License - https:\/\/fontawesome.com\/license\/free (Icons: CC BY 4.0, Fonts: SIL OFL 1.1, Code: MIT License) Copyright 2023 Fonticons, Inc. --><path d=\"M142.4 21.9c5.6 16.8-3.5 34.9-20.2 40.5L96 71.1V192c0 53 43 96 96 96s96-43 96-96V71.1l-26.1-8.7c-16.8-5.6-25.8-23.7-20.2-40.5s23.7-25.8 40.5-20.2l26.1 8.7C334.4 19.1 352 43.5 352 71.1V192c0 77.2-54.6 141.6-127.3 156.7C231 404.6 278.4 448 336 448c61.9 0 112-50.1 112-112V265.3c-28.3-12.3-48-40.5-48-73.3c0-44.2 35.8-80 80-80s80 35.8 80 80c0 32.8-19.7 61-48 73.3V336c0 97.2-78.8 176-176 176c-92.9 0-168.9-71.9-175.5-163.1C87.2 334.2 32 269.6 32 192V71.1c0-27.5 17.6-52 43.8-60.7l26.1-8.7c16.8-5.6 34.9 3.5 40.5 20.2zM480 224a32 32 0 1 0 0-64 32 32 0 1 0 0 64z\"\/><\/svg>\n        \n        \n        \n            <\/div>\n    \n\n\n<\/div><div class=\"bde-text-52-151 bde-text\">\nCont\u00e1ctenos\n<\/div>\n<\/div><h3 class=\"bde-heading-52-152 bde-heading\">\nSolicite una Consulta Gratuita\n<\/h3><div class=\"bde-form-builder-52-153 bde-form-builder\">\n\n\n<form id=\"contact-form153\" class=\"breakdance-form breakdance-form--vertical \" data-options=\"{&quot;slug&quot;:&quot;custom&quot;,&quot;name&quot;:&quot;Contact Form&quot;,&quot;ajaxUrl&quot;:&quot;https:\\\/\\\/nobacom.net\\\/pwe0054-clinica-layoutpack\\\/wp-admin\\\/admin-ajax.php&quot;,&quot;clearOnSuccess&quot;:true,&quot;hideOnSuccess&quot;:false,&quot;successMessage&quot;:&quot;\\u00a1Tu mensaje ha sido recibido!&quot;,&quot;errorMessage&quot;:&quot;Algo sali\\u00f3 mal&quot;,&quot;redirect&quot;:false,&quot;redirectUrl&quot;:&quot;&quot;,&quot;customJavaScript&quot;:&quot;&quot;,&quot;recaptcha&quot;:{&quot;key&quot;:&quot;&quot;,&quot;enabled&quot;:false},&quot;honeypot_enabled&quot;:false,&quot;popupsOnSuccess&quot;:[],&quot;popupsOnError&quot;:[]}\" data-steps=\"0\" >\n  \n  \n  \n<div class=\"breakdance-form-field breakdance-form-field--text\" >\n    \n    \n    \n    <input\n    class=\"breakdance-form-field__input\"\n    id=\"name\"\n    aria-describedby=\"name\"\n    type=\"text\"\n    name=\"fields[name]\"\n    placeholder=\"Nombre\"\n    value=\"\"\n                \n        \n        \n    required\n    \n    \n>\n\n\n    \n    \n<\/div>\n\n\n<div class=\"breakdance-form-field breakdance-form-field--email\" >\n    \n    \n    \n    <input\n    class=\"breakdance-form-field__input\"\n    id=\"email\"\n    aria-describedby=\"email\"\n    type=\"email\"\n    name=\"fields[email]\"\n    placeholder=\"Email\"\n    value=\"\"\n                \n        \n        \n    required\n    \n    \n>\n\n\n    \n    \n<\/div>\n\n\n<div class=\"breakdance-form-field breakdance-form-field--tel\" >\n    \n    \n    \n    <input\n    class=\"breakdance-form-field__input\"\n    id=\"cehpwk\"\n    aria-describedby=\"cehpwk\"\n    type=\"tel\"\n    name=\"fields[cehpwk]\"\n    placeholder=\"Tel\u00e9fono\"\n    value=\"\"\n                \n        \n        \n    required\n    \n    \n>\n\n\n    \n    \n<\/div>\n\n\n<div class=\"breakdance-form-field breakdance-form-field--date\" >\n    \n    \n    \n    <input\n    class=\"breakdance-form-field__input\"\n    id=\"qwcmfa\"\n    aria-describedby=\"qwcmfa\"\n    type=\"date\"\n    name=\"fields[qwcmfa]\"\n    placeholder=\"\"\n    value=\"\"\n                \n        \n        \n    required\n    \n    \n>\n\n\n    \n    \n<\/div>\n\n\n<div class=\"breakdance-form-field breakdance-form-field--textarea\" >\n    \n    \n    \n    <textarea\n    class=\"breakdance-form-field__input\"\n    id=\"message\"\n    aria-describedby=\"message\"\n    type=\"textarea\"\n    name=\"fields[message]\"\n        placeholder=\"Mensaje\"\n    required\n    >\n<\/textarea>\n\n\n    \n    \n<\/div>\n\n\n  \n\n<div class=\"breakdance-form-field breakdance-form-footer\">\n    \n    \n                                    \n    \n    \n    \n    \n            \n            <button type=\"submit\" class=\"button-atom button-atom--primary breakdance-form-button breakdance-form-button__submit\"  >\n    \n        <span class=\"button-atom__text\">Enviar<\/span>\n\n        \n        \n            <\/button>\n    \n    <input type=\"hidden\" name=\"form_id\" value=\"153\">\n    <input type=\"hidden\" name=\"post_id\" value=\"52\">\n<\/div>\n\n  \n<\/form>\n\n\n\n<\/div>\n<\/div><\/div>\n<\/div><\/div>\n<\/section>","protected":false},"excerpt":{"rendered":"<p>Cont\u00e1ctenos Inicio Cont\u00e1ctenos Tel\u00e9fono 314 314 1496 Email info@nobacom.com Direcci\u00f3n Calle 103 # 34 &#8211; 21 Cont\u00e1ctenos Solicite una Consulta Gratuita Enviar<\/p>\n","protected":false},"author":1,"featured_media":0,"parent":0,"menu_order":0,"comment_status":"closed","ping_status":"closed","template":"","meta":{"_breakdance_hide_in_design_set":false,"_breakdance_tags":"","_joinchat":[],"footnotes":""},"class_list":["post-52","page","type-page","status-publish","hentry"],"yoast_head":"<!-- This site is optimized with the Yoast SEO plugin v24.7 - https:\/\/yoast.com\/wordpress\/plugins\/seo\/ -->\n<title>Cont\u00e1ctenos - pwe0054-clinica-layoutpack<\/title>\n<meta name=\"robots\" content=\"noindex, follow, max-snippet:-1, max-image-preview:large, max-video-preview:-1\" \/>\n<meta property=\"og:locale\" content=\"es_ES\" \/>\n<meta property=\"og:type\" content=\"article\" \/>\n<meta property=\"og:title\" content=\"Cont\u00e1ctenos - pwe0054-clinica-layoutpack\" \/>\n<meta property=\"og:description\" content=\"Cont\u00e1ctenos Inicio Cont\u00e1ctenos Tel\u00e9fono 314 314 1496 Email info@nobacom.com Direcci\u00f3n Calle 103 # 34 - 21 Cont\u00e1ctenos Solicite una Consulta Gratuita Enviar\" \/>\n<meta property=\"og:url\" content=\"https:\/\/nobacom.net\/pwe0054-clinica-layoutpack\/contactenos\/\" \/>\n<meta property=\"og:site_name\" content=\"pwe0054-clinica-layoutpack\" \/>\n<meta property=\"article:publisher\" content=\"https:\/\/www.facebook.com\/nobacomdigital\" \/>\n<meta property=\"article:modified_time\" content=\"2025-05-15T21:56:27+00:00\" \/>\n<meta name=\"twitter:card\" content=\"summary_large_image\" \/>\n<script type=\"application\/ld+json\" class=\"yoast-schema-graph\">{\"@context\":\"https:\/\/schema.org\",\"@graph\":[{\"@type\":\"WebPage\",\"@id\":\"https:\/\/nobacom.net\/pwe0054-clinica-layoutpack\/contactenos\/\",\"url\":\"https:\/\/nobacom.net\/pwe0054-clinica-layoutpack\/contactenos\/\",\"name\":\"Cont\u00e1ctenos - pwe0054-clinica-layoutpack\",\"isPartOf\":{\"@id\":\"https:\/\/nobacom.net\/pwe0054-clinica-layoutpack\/#website\"},\"datePublished\":\"2024-08-01T03:23:55+00:00\",\"dateModified\":\"2025-05-15T21:56:27+00:00\",\"breadcrumb\":{\"@id\":\"https:\/\/nobacom.net\/pwe0054-clinica-layoutpack\/contactenos\/#breadcrumb\"},\"inLanguage\":\"es\",\"potentialAction\":[{\"@type\":\"ReadAction\",\"target\":[\"https:\/\/nobacom.net\/pwe0054-clinica-layoutpack\/contactenos\/\"]}]},{\"@type\":\"BreadcrumbList\",\"@id\":\"https:\/\/nobacom.net\/pwe0054-clinica-layoutpack\/contactenos\/#breadcrumb\",\"itemListElement\":[{\"@type\":\"ListItem\",\"position\":1,\"name\":\"Portada\",\"item\":\"https:\/\/nobacom.net\/pwe0054-clinica-layoutpack\/\"},{\"@type\":\"ListItem\",\"position\":2,\"name\":\"Cont\u00e1ctenos\"}]},{\"@type\":\"WebSite\",\"@id\":\"https:\/\/nobacom.net\/pwe0054-clinica-layoutpack\/#website\",\"url\":\"https:\/\/nobacom.net\/pwe0054-clinica-layoutpack\/\",\"name\":\"Wordpress Nobacom Base\",\"description\":\"\",\"publisher\":{\"@id\":\"https:\/\/nobacom.net\/pwe0054-clinica-layoutpack\/#organization\"},\"potentialAction\":[{\"@type\":\"SearchAction\",\"target\":{\"@type\":\"EntryPoint\",\"urlTemplate\":\"https:\/\/nobacom.net\/pwe0054-clinica-layoutpack\/?s={search_term_string}\"},\"query-input\":{\"@type\":\"PropertyValueSpecification\",\"valueRequired\":true,\"valueName\":\"search_term_string\"}}],\"inLanguage\":\"es\"},{\"@type\":\"Organization\",\"@id\":\"https:\/\/nobacom.net\/pwe0054-clinica-layoutpack\/#organization\",\"name\":\"Wordpress Nobacom Base\",\"url\":\"https:\/\/nobacom.net\/pwe0054-clinica-layoutpack\/\",\"logo\":{\"@type\":\"ImageObject\",\"inLanguage\":\"es\",\"@id\":\"https:\/\/nobacom.net\/pwe0054-clinica-layoutpack\/#\/schema\/logo\/image\/\",\"url\":\"https:\/\/nobacom.net\/pwe0054-clinica-layoutpack\/wp-content\/uploads\/2024\/12\/Logo-Nobacom-fondo-blanco-negro.png\",\"contentUrl\":\"https:\/\/nobacom.net\/pwe0054-clinica-layoutpack\/wp-content\/uploads\/2024\/12\/Logo-Nobacom-fondo-blanco-negro.png\",\"width\":1103,\"height\":835,\"caption\":\"Wordpress Nobacom Base\"},\"image\":{\"@id\":\"https:\/\/nobacom.net\/pwe0054-clinica-layoutpack\/#\/schema\/logo\/image\/\"},\"sameAs\":[\"https:\/\/www.facebook.com\/nobacomdigital\"]}]}<\/script>\n<!-- \/ Yoast SEO plugin. -->","yoast_head_json":{"title":"Cont\u00e1ctenos - pwe0054-clinica-layoutpack","robots":{"index":"noindex","follow":"follow","max-snippet":"max-snippet:-1","max-image-preview":"max-image-preview:large","max-video-preview":"max-video-preview:-1"},"og_locale":"es_ES","og_type":"article","og_title":"Cont\u00e1ctenos - pwe0054-clinica-layoutpack","og_description":"Cont\u00e1ctenos Inicio Cont\u00e1ctenos Tel\u00e9fono 314 314 1496 Email info@nobacom.com Direcci\u00f3n Calle 103 # 34 - 21 Cont\u00e1ctenos Solicite una Consulta Gratuita Enviar","og_url":"https:\/\/nobacom.net\/pwe0054-clinica-layoutpack\/contactenos\/","og_site_name":"pwe0054-clinica-layoutpack","article_publisher":"https:\/\/www.facebook.com\/nobacomdigital","article_modified_time":"2025-05-15T21:56:27+00:00","twitter_card":"summary_large_image","schema":{"@context":"https:\/\/schema.org","@graph":[{"@type":"WebPage","@id":"https:\/\/nobacom.net\/pwe0054-clinica-layoutpack\/contactenos\/","url":"https:\/\/nobacom.net\/pwe0054-clinica-layoutpack\/contactenos\/","name":"Cont\u00e1ctenos - pwe0054-clinica-layoutpack","isPartOf":{"@id":"https:\/\/nobacom.net\/pwe0054-clinica-layoutpack\/#website"},"datePublished":"2024-08-01T03:23:55+00:00","dateModified":"2025-05-15T21:56:27+00:00","breadcrumb":{"@id":"https:\/\/nobacom.net\/pwe0054-clinica-layoutpack\/contactenos\/#breadcrumb"},"inLanguage":"es","potentialAction":[{"@type":"ReadAction","target":["https:\/\/nobacom.net\/pwe0054-clinica-layoutpack\/contactenos\/"]}]},{"@type":"BreadcrumbList","@id":"https:\/\/nobacom.net\/pwe0054-clinica-layoutpack\/contactenos\/#breadcrumb","itemListElement":[{"@type":"ListItem","position":1,"name":"Portada","item":"https:\/\/nobacom.net\/pwe0054-clinica-layoutpack\/"},{"@type":"ListItem","position":2,"name":"Cont\u00e1ctenos"}]},{"@type":"WebSite","@id":"https:\/\/nobacom.net\/pwe0054-clinica-layoutpack\/#website","url":"https:\/\/nobacom.net\/pwe0054-clinica-layoutpack\/","name":"Wordpress Nobacom Base","description":"","publisher":{"@id":"https:\/\/nobacom.net\/pwe0054-clinica-layoutpack\/#organization"},"potentialAction":[{"@type":"SearchAction","target":{"@type":"EntryPoint","urlTemplate":"https:\/\/nobacom.net\/pwe0054-clinica-layoutpack\/?s={search_term_string}"},"query-input":{"@type":"PropertyValueSpecification","valueRequired":true,"valueName":"search_term_string"}}],"inLanguage":"es"},{"@type":"Organization","@id":"https:\/\/nobacom.net\/pwe0054-clinica-layoutpack\/#organization","name":"Wordpress Nobacom Base","url":"https:\/\/nobacom.net\/pwe0054-clinica-layoutpack\/","logo":{"@type":"ImageObject","inLanguage":"es","@id":"https:\/\/nobacom.net\/pwe0054-clinica-layoutpack\/#\/schema\/logo\/image\/","url":"https:\/\/nobacom.net\/pwe0054-clinica-layoutpack\/wp-content\/uploads\/2024\/12\/Logo-Nobacom-fondo-blanco-negro.png","contentUrl":"https:\/\/nobacom.net\/pwe0054-clinica-layoutpack\/wp-content\/uploads\/2024\/12\/Logo-Nobacom-fondo-blanco-negro.png","width":1103,"height":835,"caption":"Wordpress Nobacom Base"},"image":{"@id":"https:\/\/nobacom.net\/pwe0054-clinica-layoutpack\/#\/schema\/logo\/image\/"},"sameAs":["https:\/\/www.facebook.com\/nobacomdigital"]}]}},"_links":{"self":[{"href":"https:\/\/nobacom.net\/pwe0054-clinica-layoutpack\/wp-json\/wp\/v2\/pages\/52","targetHints":{"allow":["GET"]}}],"collection":[{"href":"https:\/\/nobacom.net\/pwe0054-clinica-layoutpack\/wp-json\/wp\/v2\/pages"}],"about":[{"href":"https:\/\/nobacom.net\/pwe0054-clinica-layoutpack\/wp-json\/wp\/v2\/types\/page"}],"author":[{"embeddable":true,"href":"https:\/\/nobacom.net\/pwe0054-clinica-layoutpack\/wp-json\/wp\/v2\/users\/1"}],"replies":[{"embeddable":true,"href":"https:\/\/nobacom.net\/pwe0054-clinica-layoutpack\/wp-json\/wp\/v2\/comments?post=52"}],"version-history":[{"count":3,"href":"https:\/\/nobacom.net\/pwe0054-clinica-layoutpack\/wp-json\/wp\/v2\/pages\/52\/revisions"}],"predecessor-version":[{"id":476,"href":"https:\/\/nobacom.net\/pwe0054-clinica-layoutpack\/wp-json\/wp\/v2\/pages\/52\/revisions\/476"}],"wp:attachment":[{"href":"https:\/\/nobacom.net\/pwe0054-clinica-layoutpack\/wp-json\/wp\/v2\/media?parent=52"}],"curies":[{"name":"wp","href":"https:\/\/api.w.org\/{rel}","templated":true}]}}