{"id":128,"date":"2024-06-21T11:45:34","date_gmt":"2024-06-21T11:45:34","guid":{"rendered":"https:\/\/bdlayoutsplus.com\/breakdance-music-concert-layouts-pack\/?page_id=128"},"modified":"2025-05-27T12:23:58","modified_gmt":"2025-05-27T17:23:58","slug":"testimonios","status":"publish","type":"page","link":"https:\/\/nobacom.net\/pwe0057-concierto-de-musica-layoutpack\/testimonios\/","title":{"rendered":"Testimonios"},"content":{"rendered":"<section class=\"bde-section-128-100 bde-section\">\n              \n  \n\t\n\n  <div class=\"section-background-overlay\"><\/div>\n\n\n<div class=\"section-container\"><div class=\"bde-div-128-101 bde-div\" data-entrance=\"slideUp\">\n  \n\t\n\n\n\n<div class=\"bde-columns-128-102 bde-columns\"><div class=\"bde-column-128-103 bde-column\">\n  \n\t\n\n\n\n<h1 class=\"bde-heading-128-104 bde-heading\">\nTestimonios\n<\/h1>\n<\/div><div class=\"bde-column-128-105 bde-column\">\n  \n\t\n\n\n\n<div class=\"bde-div-128-106 bde-div\">\n  \n\t\n\n\n\n<div class=\"bde-button-128-107 bde-button\">\n    \n                                    \n    \n    \n    \n    \n            \n                    \n            \n            \n\n    \n    \n    \n    \n    \n    <a class=\"breakdance-link button-atom button-atom--custom bde-button__button\" href=\"https:\/\/nobacom.net\/pwe0057-concierto-de-musica-layoutpack\" target=\"_self\" data-type=\"url\"  >\n\n    \n        <span class=\"button-atom__text\">Inicio<\/span>\n\n        \n        \n                <\/a>\n\n    \n\n\n<\/div><div class=\"bde-div-128-108 bde-div\">\n              \n  \n\t\n\n\n\n\n<\/div><div class=\"bde-button-128-109 bde-button\">\n    \n                                    \n    \n    \n    \n    \n            \n            <button type=\"button\" class=\"button-atom button-atom--custom bde-button__button\"  >\n    \n        <span class=\"button-atom__text\">Testimonios<\/span>\n\n        \n        \n            <\/button>\n    \n\n\n<\/div>\n<\/div>\n<\/div><\/div>\n<\/div><\/div>\n<\/section><section class=\"bde-section-128-110 bde-section\">\n  \n\t\n\n\n\n<div class=\"section-container\"><div class=\"bde-div-128-111 bde-div\" data-entrance=\"slideUp\">\n  \n\t\n\n\n\n<div class=\"bde-columns-128-112 bde-columns\"><div class=\"bde-column-128-113 bde-column\">\n  \n\t\n\n\n\n<div class=\"bde-div-128-119 bde-div\">\n  \n\t\n\n\n\n<div class=\"bde-text-128-120 bde-text\">\nFue mi primera vez en un concierto as\u00ed y qued\u00e9 fascinada. La m\u00fasica, la gente y la organizaci\u00f3n hicieron que todo fuera perfecto. Me sent\u00ed parte de algo grande. Espero con ansias el pr\u00f3ximo evento para vivirlo de nuevo.\n<\/div><div class=\"bde-div-128-121 bde-div\">\n              \n  \n\t\n\n\n\n\n<\/div><div class=\"bde-div-128-122 bde-div\">\n  \n\t\n\n\n\n<div class=\"bde-image-128-123 bde-image\">\n<figure class=\"breakdance-image breakdance-image--364\">\n\t<div class=\"breakdance-image-container\">\n\t\t<div class=\"breakdance-image-clip\"><img loading=\"lazy\" decoding=\"async\" class=\"breakdance-image-object\" src=\"https:\/\/bdlayoutsplus.com\/breakdance-music-concert-layouts-pack\/wp-content\/uploads\/sites\/35\/2024\/06\/Breakdance_Music_Concertt_Img_18.jpg\" width=\"200\" height=\"200\" srcset=\"https:\/\/bdlayoutsplus.com\/breakdance-music-concert-layouts-pack\/wp-content\/uploads\/sites\/35\/2024\/06\/Breakdance_Music_Concertt_Img_18.jpg 200w, https:\/\/bdlayoutsplus.com\/breakdance-music-concert-layouts-pack\/wp-content\/uploads\/sites\/35\/2024\/06\/Breakdance_Music_Concertt_Img_18-150x150.jpg 150w\" sizes=\"auto, (max-width: 200px) 100vw, 200px\"><\/div>\n\t<\/div><\/figure>\n\n<\/div><div class=\"bde-div-128-124 bde-div\">\n  \n\t\n\n\n\n<div class=\"bde-div-128-125 bde-div\">\n  \n\t\n\n\n\n<h4 class=\"bde-heading-128-126 bde-heading\">\nSof\u00eda Castillo\n<\/h4><div class=\"bde-text-128-127 bde-text\">\nEstudiante universitaria\n<\/div>\n<\/div><div class=\"bde-icon-128-128 bde-icon\">\n\n    \n            <div class=\"bde-icon-icon breakdance-icon-atom\" >\n    \n                    <svg xmlns=\"http:\/\/www.w3.org\/2000\/svg\" viewBox=\"0 0 512 512\"><!-- Font Awesome Free 5.15.1 by @fontawesome - https:\/\/fontawesome.com License - https:\/\/fontawesome.com\/license\/free (Icons: CC BY 4.0, Fonts: SIL OFL 1.1, Code: MIT License) --><path d=\"M464 32H336c-26.5 0-48 21.5-48 48v128c0 26.5 21.5 48 48 48h80v64c0 35.3-28.7 64-64 64h-8c-13.3 0-24 10.7-24 24v48c0 13.3 10.7 24 24 24h8c88.4 0 160-71.6 160-160V80c0-26.5-21.5-48-48-48zm-288 0H48C21.5 32 0 53.5 0 80v128c0 26.5 21.5 48 48 48h80v64c0 35.3-28.7 64-64 64h-8c-13.3 0-24 10.7-24 24v48c0 13.3 10.7 24 24 24h8c88.4 0 160-71.6 160-160V80c0-26.5-21.5-48-48-48z\"\/><\/svg>\n        \n        \n        \n            <\/div>\n    \n\n\n<\/div>\n<\/div>\n<\/div>\n<\/div>\n<\/div><div class=\"bde-column-128-114 bde-column\">\n  \n\t\n\n\n\n<div class=\"bde-div-128-129 bde-div\">\n  \n\t\n\n\n\n<div class=\"bde-text-128-130 bde-text\">\nLa producci\u00f3n fue impecable, el sonido perfecto y la energ\u00eda de la banda contagiosa. Disfrut\u00e9 cada momento y la organizaci\u00f3n fue excelente. Sin duda, uno de los mejores conciertos que he presenciado. \u00a1Volver\u00e9 sin dudarlo a sus pr\u00f3ximos eventos!\n<\/div><div class=\"bde-div-128-131 bde-div\">\n              \n  \n\t\n\n\n\n\n<\/div><div class=\"bde-div-128-132 bde-div\">\n  \n\t\n\n\n\n<div class=\"bde-image-128-133 bde-image\">\n<figure class=\"breakdance-image breakdance-image--363\">\n\t<div class=\"breakdance-image-container\">\n\t\t<div class=\"breakdance-image-clip\"><img loading=\"lazy\" decoding=\"async\" class=\"breakdance-image-object\" src=\"https:\/\/bdlayoutsplus.com\/breakdance-music-concert-layouts-pack\/wp-content\/uploads\/sites\/35\/2024\/06\/Breakdance_Music_Concertt_Img_17.jpg\" width=\"200\" height=\"200\" srcset=\"https:\/\/bdlayoutsplus.com\/breakdance-music-concert-layouts-pack\/wp-content\/uploads\/sites\/35\/2024\/06\/Breakdance_Music_Concertt_Img_17.jpg 200w, https:\/\/bdlayoutsplus.com\/breakdance-music-concert-layouts-pack\/wp-content\/uploads\/sites\/35\/2024\/06\/Breakdance_Music_Concertt_Img_17-150x150.jpg 150w\" sizes=\"auto, (max-width: 200px) 100vw, 200px\"><\/div>\n\t<\/div><\/figure>\n\n<\/div><div class=\"bde-div-128-134 bde-div\">\n  \n\t\n\n\n\n<div class=\"bde-div-128-135 bde-div\">\n  \n\t\n\n\n\n<h4 class=\"bde-heading-128-136 bde-heading\">\nAndr\u00e9s G\u00f3mez\n<\/h4><div class=\"bde-text-128-137 bde-text\">\nProductor musical\n<\/div>\n<\/div><div class=\"bde-icon-128-138 bde-icon\">\n\n    \n            <div class=\"bde-icon-icon breakdance-icon-atom\" >\n    \n                    <svg xmlns=\"http:\/\/www.w3.org\/2000\/svg\" viewBox=\"0 0 512 512\"><!-- Font Awesome Free 5.15.1 by @fontawesome - https:\/\/fontawesome.com License - https:\/\/fontawesome.com\/license\/free (Icons: CC BY 4.0, Fonts: SIL OFL 1.1, Code: MIT License) --><path d=\"M464 32H336c-26.5 0-48 21.5-48 48v128c0 26.5 21.5 48 48 48h80v64c0 35.3-28.7 64-64 64h-8c-13.3 0-24 10.7-24 24v48c0 13.3 10.7 24 24 24h8c88.4 0 160-71.6 160-160V80c0-26.5-21.5-48-48-48zm-288 0H48C21.5 32 0 53.5 0 80v128c0 26.5 21.5 48 48 48h80v64c0 35.3-28.7 64-64 64h-8c-13.3 0-24 10.7-24 24v48c0 13.3 10.7 24 24 24h8c88.4 0 160-71.6 160-160V80c0-26.5-21.5-48-48-48z\"\/><\/svg>\n        \n        \n        \n            <\/div>\n    \n\n\n<\/div>\n<\/div>\n<\/div>\n<\/div>\n<\/div><\/div>\n<\/div><div class=\"bde-div-128-139 bde-div\" data-entrance=\"slideUp\">\n  \n\t\n\n\n\n<div class=\"bde-columns-128-140 bde-columns\"><div class=\"bde-column-128-141 bde-column\">\n  \n\t\n\n\n\n<div class=\"bde-div-128-142 bde-div\">\n  \n\t\n\n\n\n<div class=\"bde-text-128-143 bde-text\">\nLa atm\u00f3sfera fue m\u00e1gica, con luces y m\u00fasica que crearon una experiencia \u00fanica. Los artistas demostraron gran talento y el p\u00fablico estaba lleno de entusiasmo. Me encant\u00f3 cada instante. Recomiendo este concierto a todos.\n<\/div><div class=\"bde-div-128-144 bde-div\">\n              \n  \n\t\n\n\n\n\n<\/div><div class=\"bde-div-128-145 bde-div\">\n  \n\t\n\n\n\n<div class=\"bde-image-128-146 bde-image\">\n<figure class=\"breakdance-image breakdance-image--362\">\n\t<div class=\"breakdance-image-container\">\n\t\t<div class=\"breakdance-image-clip\"><img loading=\"lazy\" decoding=\"async\" class=\"breakdance-image-object\" src=\"https:\/\/bdlayoutsplus.com\/breakdance-music-concert-layouts-pack\/wp-content\/uploads\/sites\/35\/2024\/06\/Breakdance_Music_Concertt_Img_16.jpg\" width=\"200\" height=\"200\" srcset=\"https:\/\/bdlayoutsplus.com\/breakdance-music-concert-layouts-pack\/wp-content\/uploads\/sites\/35\/2024\/06\/Breakdance_Music_Concertt_Img_16.jpg 200w, https:\/\/bdlayoutsplus.com\/breakdance-music-concert-layouts-pack\/wp-content\/uploads\/sites\/35\/2024\/06\/Breakdance_Music_Concertt_Img_16-150x150.jpg 150w\" sizes=\"auto, (max-width: 200px) 100vw, 200px\"><\/div>\n\t<\/div><\/figure>\n\n<\/div><div class=\"bde-div-128-147 bde-div\">\n  \n\t\n\n\n\n<div class=\"bde-div-128-148 bde-div\">\n  \n\t\n\n\n\n<h4 class=\"bde-heading-128-149 bde-heading\">\nCarlos Medina\n<\/h4><div class=\"bde-text-128-150 bde-text\">\nFot\u00f3grafo profesional\n<\/div>\n<\/div><div class=\"bde-icon-128-151 bde-icon\">\n\n    \n            <div class=\"bde-icon-icon breakdance-icon-atom\" >\n    \n                    <svg xmlns=\"http:\/\/www.w3.org\/2000\/svg\" viewBox=\"0 0 512 512\"><!-- Font Awesome Free 5.15.1 by @fontawesome - https:\/\/fontawesome.com License - https:\/\/fontawesome.com\/license\/free (Icons: CC BY 4.0, Fonts: SIL OFL 1.1, Code: MIT License) --><path d=\"M464 32H336c-26.5 0-48 21.5-48 48v128c0 26.5 21.5 48 48 48h80v64c0 35.3-28.7 64-64 64h-8c-13.3 0-24 10.7-24 24v48c0 13.3 10.7 24 24 24h8c88.4 0 160-71.6 160-160V80c0-26.5-21.5-48-48-48zm-288 0H48C21.5 32 0 53.5 0 80v128c0 26.5 21.5 48 48 48h80v64c0 35.3-28.7 64-64 64h-8c-13.3 0-24 10.7-24 24v48c0 13.3 10.7 24 24 24h8c88.4 0 160-71.6 160-160V80c0-26.5-21.5-48-48-48z\"\/><\/svg>\n        \n        \n        \n            <\/div>\n    \n\n\n<\/div>\n<\/div>\n<\/div>\n<\/div>\n<\/div><div class=\"bde-column-128-152 bde-column\">\n  \n\t\n\n\n\n<div class=\"bde-div-128-153 bde-div\">\n  \n\t\n\n\n\n<div class=\"bde-text-128-154 bde-text\">\nMe encant\u00f3 el ambiente, la m\u00fasica y la energ\u00eda que se vivi\u00f3 en el concierto. La organizaci\u00f3n fue muy buena y todos se sintieron c\u00f3modos y felices. Sin duda, una experiencia que repetir\u00eda sin pensarlo dos veces. \u00a1Gracias por la magia!\n<\/div><div class=\"bde-div-128-155 bde-div\">\n              \n  \n\t\n\n\n\n\n<\/div><div class=\"bde-div-128-156 bde-div\">\n  \n\t\n\n\n\n<div class=\"bde-image-128-157 bde-image\">\n<figure class=\"breakdance-image breakdance-image--364\">\n\t<div class=\"breakdance-image-container\">\n\t\t<div class=\"breakdance-image-clip\"><img loading=\"lazy\" decoding=\"async\" class=\"breakdance-image-object\" src=\"https:\/\/bdlayoutsplus.com\/breakdance-music-concert-layouts-pack\/wp-content\/uploads\/sites\/35\/2024\/06\/Breakdance_Music_Concertt_Img_18.jpg\" width=\"200\" height=\"200\" srcset=\"https:\/\/bdlayoutsplus.com\/breakdance-music-concert-layouts-pack\/wp-content\/uploads\/sites\/35\/2024\/06\/Breakdance_Music_Concertt_Img_18.jpg 200w, https:\/\/bdlayoutsplus.com\/breakdance-music-concert-layouts-pack\/wp-content\/uploads\/sites\/35\/2024\/06\/Breakdance_Music_Concertt_Img_18-150x150.jpg 150w\" sizes=\"auto, (max-width: 200px) 100vw, 200px\"><\/div>\n\t<\/div><\/figure>\n\n<\/div><div class=\"bde-div-128-158 bde-div\">\n  \n\t\n\n\n\n<div class=\"bde-div-128-159 bde-div\">\n  \n\t\n\n\n\n<h4 class=\"bde-heading-128-160 bde-heading\">\nLaura Mart\u00ednez\n<\/h4><div class=\"bde-text-128-161 bde-text\">\nEstilista\n<\/div>\n<\/div><div class=\"bde-icon-128-162 bde-icon\">\n\n    \n            <div class=\"bde-icon-icon breakdance-icon-atom\" >\n    \n                    <svg xmlns=\"http:\/\/www.w3.org\/2000\/svg\" viewBox=\"0 0 512 512\"><!-- Font Awesome Free 5.15.1 by @fontawesome - https:\/\/fontawesome.com License - https:\/\/fontawesome.com\/license\/free (Icons: CC BY 4.0, Fonts: SIL OFL 1.1, Code: MIT License) --><path d=\"M464 32H336c-26.5 0-48 21.5-48 48v128c0 26.5 21.5 48 48 48h80v64c0 35.3-28.7 64-64 64h-8c-13.3 0-24 10.7-24 24v48c0 13.3 10.7 24 24 24h8c88.4 0 160-71.6 160-160V80c0-26.5-21.5-48-48-48zm-288 0H48C21.5 32 0 53.5 0 80v128c0 26.5 21.5 48 48 48h80v64c0 35.3-28.7 64-64 64h-8c-13.3 0-24 10.7-24 24v48c0 13.3 10.7 24 24 24h8c88.4 0 160-71.6 160-160V80c0-26.5-21.5-48-48-48z\"\/><\/svg>\n        \n        \n        \n            <\/div>\n    \n\n\n<\/div>\n<\/div>\n<\/div>\n<\/div>\n<\/div><\/div>\n<\/div><div class=\"bde-div-128-163 bde-div\" data-entrance=\"slideUp\">\n  \n\t\n\n\n\n<div class=\"bde-columns-128-164 bde-columns\"><div class=\"bde-column-128-165 bde-column\">\n  \n\t\n\n\n\n<div class=\"bde-div-128-166 bde-div\">\n  \n\t\n\n\n\n<div class=\"bde-text-128-167 bde-text\">\nDesde la calidad del audio hasta la atenci\u00f3n al p\u00fablico, todo estuvo perfecto. La coordinaci\u00f3n fue impecable y el ambiente incre\u00edble. Fue una noche para recordar, con momentos que solo la m\u00fasica en vivo puede regalar. \u00a1Muy recomendado!\n<\/div><div class=\"bde-div-128-168 bde-div\">\n              \n  \n\t\n\n\n\n\n<\/div><div class=\"bde-div-128-169 bde-div\">\n  \n\t\n\n\n\n<div class=\"bde-image-128-170 bde-image\">\n<figure class=\"breakdance-image breakdance-image--363\">\n\t<div class=\"breakdance-image-container\">\n\t\t<div class=\"breakdance-image-clip\"><img loading=\"lazy\" decoding=\"async\" class=\"breakdance-image-object\" src=\"https:\/\/bdlayoutsplus.com\/breakdance-music-concert-layouts-pack\/wp-content\/uploads\/sites\/35\/2024\/06\/Breakdance_Music_Concertt_Img_17.jpg\" width=\"200\" height=\"200\" srcset=\"https:\/\/bdlayoutsplus.com\/breakdance-music-concert-layouts-pack\/wp-content\/uploads\/sites\/35\/2024\/06\/Breakdance_Music_Concertt_Img_17.jpg 200w, https:\/\/bdlayoutsplus.com\/breakdance-music-concert-layouts-pack\/wp-content\/uploads\/sites\/35\/2024\/06\/Breakdance_Music_Concertt_Img_17-150x150.jpg 150w\" sizes=\"auto, (max-width: 200px) 100vw, 200px\"><\/div>\n\t<\/div><\/figure>\n\n<\/div><div class=\"bde-div-128-171 bde-div\">\n  \n\t\n\n\n\n<div class=\"bde-div-128-172 bde-div\">\n  \n\t\n\n\n\n<h4 class=\"bde-heading-128-173 bde-heading\">\nJavier Rojas\n<\/h4><div class=\"bde-text-128-174 bde-text\">\nIngeniero de sonido\n<\/div>\n<\/div><div class=\"bde-icon-128-175 bde-icon\">\n\n    \n            <div class=\"bde-icon-icon breakdance-icon-atom\" >\n    \n                    <svg xmlns=\"http:\/\/www.w3.org\/2000\/svg\" viewBox=\"0 0 512 512\"><!-- Font Awesome Free 5.15.1 by @fontawesome - https:\/\/fontawesome.com License - https:\/\/fontawesome.com\/license\/free (Icons: CC BY 4.0, Fonts: SIL OFL 1.1, Code: MIT License) --><path d=\"M464 32H336c-26.5 0-48 21.5-48 48v128c0 26.5 21.5 48 48 48h80v64c0 35.3-28.7 64-64 64h-8c-13.3 0-24 10.7-24 24v48c0 13.3 10.7 24 24 24h8c88.4 0 160-71.6 160-160V80c0-26.5-21.5-48-48-48zm-288 0H48C21.5 32 0 53.5 0 80v128c0 26.5 21.5 48 48 48h80v64c0 35.3-28.7 64-64 64h-8c-13.3 0-24 10.7-24 24v48c0 13.3 10.7 24 24 24h8c88.4 0 160-71.6 160-160V80c0-26.5-21.5-48-48-48z\"\/><\/svg>\n        \n        \n        \n            <\/div>\n    \n\n\n<\/div>\n<\/div>\n<\/div>\n<\/div>\n<\/div><div class=\"bde-column-128-176 bde-column\">\n  \n\t\n\n\n\n<div class=\"bde-div-128-177 bde-div\">\n  \n\t\n\n\n\n<div class=\"bde-text-128-178 bde-text\">\nEl evento super\u00f3 mis expectativas, con artistas talentosos y una organizaci\u00f3n profesional. La vibra fue excelente y la m\u00fasica me mantuvo en movimiento toda la noche. Definitivamente asistir\u00e9 a futuros conciertos organizados por este equipo.\n<\/div><div class=\"bde-div-128-179 bde-div\">\n              \n  \n\t\n\n\n\n\n<\/div><div class=\"bde-div-128-180 bde-div\">\n  \n\t\n\n\n\n<div class=\"bde-image-128-181 bde-image\">\n<figure class=\"breakdance-image breakdance-image--362\">\n\t<div class=\"breakdance-image-container\">\n\t\t<div class=\"breakdance-image-clip\"><img loading=\"lazy\" decoding=\"async\" class=\"breakdance-image-object\" src=\"https:\/\/bdlayoutsplus.com\/breakdance-music-concert-layouts-pack\/wp-content\/uploads\/sites\/35\/2024\/06\/Breakdance_Music_Concertt_Img_16.jpg\" width=\"200\" height=\"200\" srcset=\"https:\/\/bdlayoutsplus.com\/breakdance-music-concert-layouts-pack\/wp-content\/uploads\/sites\/35\/2024\/06\/Breakdance_Music_Concertt_Img_16.jpg 200w, https:\/\/bdlayoutsplus.com\/breakdance-music-concert-layouts-pack\/wp-content\/uploads\/sites\/35\/2024\/06\/Breakdance_Music_Concertt_Img_16-150x150.jpg 150w\" sizes=\"auto, (max-width: 200px) 100vw, 200px\"><\/div>\n\t<\/div><\/figure>\n\n<\/div><div class=\"bde-div-128-182 bde-div\">\n  \n\t\n\n\n\n<div class=\"bde-div-128-183 bde-div\">\n  \n\t\n\n\n\n<h4 class=\"bde-heading-128-184 bde-heading\">\nDavid Salazar\n<\/h4><div class=\"bde-text-128-185 bde-text\">\nDJ y productor\n<\/div>\n<\/div><div class=\"bde-icon-128-186 bde-icon\">\n\n    \n            <div class=\"bde-icon-icon breakdance-icon-atom\" >\n    \n                    <svg xmlns=\"http:\/\/www.w3.org\/2000\/svg\" viewBox=\"0 0 512 512\"><!-- Font Awesome Free 5.15.1 by @fontawesome - https:\/\/fontawesome.com License - https:\/\/fontawesome.com\/license\/free (Icons: CC BY 4.0, Fonts: SIL OFL 1.1, Code: MIT License) --><path d=\"M464 32H336c-26.5 0-48 21.5-48 48v128c0 26.5 21.5 48 48 48h80v64c0 35.3-28.7 64-64 64h-8c-13.3 0-24 10.7-24 24v48c0 13.3 10.7 24 24 24h8c88.4 0 160-71.6 160-160V80c0-26.5-21.5-48-48-48zm-288 0H48C21.5 32 0 53.5 0 80v128c0 26.5 21.5 48 48 48h80v64c0 35.3-28.7 64-64 64h-8c-13.3 0-24 10.7-24 24v48c0 13.3 10.7 24 24 24h8c88.4 0 160-71.6 160-160V80c0-26.5-21.5-48-48-48z\"\/><\/svg>\n        \n        \n        \n            <\/div>\n    \n\n\n<\/div>\n<\/div>\n<\/div>\n<\/div>\n<\/div><\/div>\n<\/div><\/div>\n<\/section>","protected":false},"excerpt":{"rendered":"<p>Testimonios Inicio Testimonios Fue mi primera vez en un concierto as\u00ed y qued\u00e9 fascinada. La m\u00fasica, la gente y la organizaci\u00f3n hicieron que todo fuera perfecto. Me sent\u00ed parte de algo grande. Espero con ansias el pr\u00f3ximo evento para vivirlo de nuevo. Sof\u00eda Castillo Estudiante universitaria La producci\u00f3n fue impecable, el sonido perfecto y la [&hellip;]<\/p>\n","protected":false},"author":1,"featured_media":0,"parent":0,"menu_order":0,"comment_status":"closed","ping_status":"closed","template":"","meta":{"_breakdance_hide_in_design_set":false,"_breakdance_tags":"","_joinchat":[],"footnotes":""},"class_list":["post-128","page","type-page","status-publish","hentry"],"yoast_head":"<!-- This site is optimized with the Yoast SEO plugin v24.7 - https:\/\/yoast.com\/wordpress\/plugins\/seo\/ -->\n<title>Testimonios - pwe0057-concierto-de-musica-layoutpack<\/title>\n<meta name=\"robots\" content=\"noindex, follow, max-snippet:-1, max-image-preview:large, max-video-preview:-1\" \/>\n<meta property=\"og:locale\" content=\"es_ES\" \/>\n<meta property=\"og:type\" content=\"article\" \/>\n<meta property=\"og:title\" content=\"Testimonios - pwe0057-concierto-de-musica-layoutpack\" \/>\n<meta property=\"og:description\" content=\"Testimonios Inicio Testimonios Fue mi primera vez en un concierto as\u00ed y qued\u00e9 fascinada. La m\u00fasica, la gente y la organizaci\u00f3n hicieron que todo fuera perfecto. Me sent\u00ed parte de algo grande. Espero con ansias el pr\u00f3ximo evento para vivirlo de nuevo. Sof\u00eda Castillo Estudiante universitaria La producci\u00f3n fue impecable, el sonido perfecto y la [&hellip;]\" \/>\n<meta property=\"og:url\" content=\"https:\/\/nobacom.net\/pwe0057-concierto-de-musica-layoutpack\/testimonios\/\" \/>\n<meta property=\"og:site_name\" content=\"pwe0057-concierto-de-musica-layoutpack\" \/>\n<meta property=\"article:publisher\" content=\"https:\/\/www.facebook.com\/nobacomdigital\" \/>\n<meta property=\"article:modified_time\" content=\"2025-05-27T17:23:58+00:00\" \/>\n<meta name=\"twitter:card\" content=\"summary_large_image\" \/>\n<script type=\"application\/ld+json\" class=\"yoast-schema-graph\">{\"@context\":\"https:\/\/schema.org\",\"@graph\":[{\"@type\":\"WebPage\",\"@id\":\"https:\/\/nobacom.net\/pwe0057-concierto-de-musica-layoutpack\/testimonios\/\",\"url\":\"https:\/\/nobacom.net\/pwe0057-concierto-de-musica-layoutpack\/testimonios\/\",\"name\":\"Testimonios - pwe0057-concierto-de-musica-layoutpack\",\"isPartOf\":{\"@id\":\"https:\/\/nobacom.net\/pwe0057-concierto-de-musica-layoutpack\/#website\"},\"datePublished\":\"2024-06-21T11:45:34+00:00\",\"dateModified\":\"2025-05-27T17:23:58+00:00\",\"breadcrumb\":{\"@id\":\"https:\/\/nobacom.net\/pwe0057-concierto-de-musica-layoutpack\/testimonios\/#breadcrumb\"},\"inLanguage\":\"es\",\"potentialAction\":[{\"@type\":\"ReadAction\",\"target\":[\"https:\/\/nobacom.net\/pwe0057-concierto-de-musica-layoutpack\/testimonios\/\"]}]},{\"@type\":\"BreadcrumbList\",\"@id\":\"https:\/\/nobacom.net\/pwe0057-concierto-de-musica-layoutpack\/testimonios\/#breadcrumb\",\"itemListElement\":[{\"@type\":\"ListItem\",\"position\":1,\"name\":\"Portada\",\"item\":\"https:\/\/nobacom.net\/pwe0057-concierto-de-musica-layoutpack\/\"},{\"@type\":\"ListItem\",\"position\":2,\"name\":\"Testimonios\"}]},{\"@type\":\"WebSite\",\"@id\":\"https:\/\/nobacom.net\/pwe0057-concierto-de-musica-layoutpack\/#website\",\"url\":\"https:\/\/nobacom.net\/pwe0057-concierto-de-musica-layoutpack\/\",\"name\":\"Wordpress Nobacom Base\",\"description\":\"\",\"publisher\":{\"@id\":\"https:\/\/nobacom.net\/pwe0057-concierto-de-musica-layoutpack\/#organization\"},\"potentialAction\":[{\"@type\":\"SearchAction\",\"target\":{\"@type\":\"EntryPoint\",\"urlTemplate\":\"https:\/\/nobacom.net\/pwe0057-concierto-de-musica-layoutpack\/?s={search_term_string}\"},\"query-input\":{\"@type\":\"PropertyValueSpecification\",\"valueRequired\":true,\"valueName\":\"search_term_string\"}}],\"inLanguage\":\"es\"},{\"@type\":\"Organization\",\"@id\":\"https:\/\/nobacom.net\/pwe0057-concierto-de-musica-layoutpack\/#organization\",\"name\":\"Wordpress Nobacom Base\",\"url\":\"https:\/\/nobacom.net\/pwe0057-concierto-de-musica-layoutpack\/\",\"logo\":{\"@type\":\"ImageObject\",\"inLanguage\":\"es\",\"@id\":\"https:\/\/nobacom.net\/pwe0057-concierto-de-musica-layoutpack\/#\/schema\/logo\/image\/\",\"url\":\"https:\/\/nobacom.net\/pwe0057-concierto-de-musica-layoutpack\/wp-content\/uploads\/2024\/12\/Logo-Nobacom-fondo-blanco-negro.png\",\"contentUrl\":\"https:\/\/nobacom.net\/pwe0057-concierto-de-musica-layoutpack\/wp-content\/uploads\/2024\/12\/Logo-Nobacom-fondo-blanco-negro.png\",\"width\":1103,\"height\":835,\"caption\":\"Wordpress Nobacom Base\"},\"image\":{\"@id\":\"https:\/\/nobacom.net\/pwe0057-concierto-de-musica-layoutpack\/#\/schema\/logo\/image\/\"},\"sameAs\":[\"https:\/\/www.facebook.com\/nobacomdigital\"]}]}<\/script>\n<!-- \/ Yoast SEO plugin. -->","yoast_head_json":{"title":"Testimonios - pwe0057-concierto-de-musica-layoutpack","robots":{"index":"noindex","follow":"follow","max-snippet":"max-snippet:-1","max-image-preview":"max-image-preview:large","max-video-preview":"max-video-preview:-1"},"og_locale":"es_ES","og_type":"article","og_title":"Testimonios - pwe0057-concierto-de-musica-layoutpack","og_description":"Testimonios Inicio Testimonios Fue mi primera vez en un concierto as\u00ed y qued\u00e9 fascinada. La m\u00fasica, la gente y la organizaci\u00f3n hicieron que todo fuera perfecto. Me sent\u00ed parte de algo grande. Espero con ansias el pr\u00f3ximo evento para vivirlo de nuevo. Sof\u00eda Castillo Estudiante universitaria La producci\u00f3n fue impecable, el sonido perfecto y la [&hellip;]","og_url":"https:\/\/nobacom.net\/pwe0057-concierto-de-musica-layoutpack\/testimonios\/","og_site_name":"pwe0057-concierto-de-musica-layoutpack","article_publisher":"https:\/\/www.facebook.com\/nobacomdigital","article_modified_time":"2025-05-27T17:23:58+00:00","twitter_card":"summary_large_image","schema":{"@context":"https:\/\/schema.org","@graph":[{"@type":"WebPage","@id":"https:\/\/nobacom.net\/pwe0057-concierto-de-musica-layoutpack\/testimonios\/","url":"https:\/\/nobacom.net\/pwe0057-concierto-de-musica-layoutpack\/testimonios\/","name":"Testimonios - pwe0057-concierto-de-musica-layoutpack","isPartOf":{"@id":"https:\/\/nobacom.net\/pwe0057-concierto-de-musica-layoutpack\/#website"},"datePublished":"2024-06-21T11:45:34+00:00","dateModified":"2025-05-27T17:23:58+00:00","breadcrumb":{"@id":"https:\/\/nobacom.net\/pwe0057-concierto-de-musica-layoutpack\/testimonios\/#breadcrumb"},"inLanguage":"es","potentialAction":[{"@type":"ReadAction","target":["https:\/\/nobacom.net\/pwe0057-concierto-de-musica-layoutpack\/testimonios\/"]}]},{"@type":"BreadcrumbList","@id":"https:\/\/nobacom.net\/pwe0057-concierto-de-musica-layoutpack\/testimonios\/#breadcrumb","itemListElement":[{"@type":"ListItem","position":1,"name":"Portada","item":"https:\/\/nobacom.net\/pwe0057-concierto-de-musica-layoutpack\/"},{"@type":"ListItem","position":2,"name":"Testimonios"}]},{"@type":"WebSite","@id":"https:\/\/nobacom.net\/pwe0057-concierto-de-musica-layoutpack\/#website","url":"https:\/\/nobacom.net\/pwe0057-concierto-de-musica-layoutpack\/","name":"Wordpress Nobacom Base","description":"","publisher":{"@id":"https:\/\/nobacom.net\/pwe0057-concierto-de-musica-layoutpack\/#organization"},"potentialAction":[{"@type":"SearchAction","target":{"@type":"EntryPoint","urlTemplate":"https:\/\/nobacom.net\/pwe0057-concierto-de-musica-layoutpack\/?s={search_term_string}"},"query-input":{"@type":"PropertyValueSpecification","valueRequired":true,"valueName":"search_term_string"}}],"inLanguage":"es"},{"@type":"Organization","@id":"https:\/\/nobacom.net\/pwe0057-concierto-de-musica-layoutpack\/#organization","name":"Wordpress Nobacom Base","url":"https:\/\/nobacom.net\/pwe0057-concierto-de-musica-layoutpack\/","logo":{"@type":"ImageObject","inLanguage":"es","@id":"https:\/\/nobacom.net\/pwe0057-concierto-de-musica-layoutpack\/#\/schema\/logo\/image\/","url":"https:\/\/nobacom.net\/pwe0057-concierto-de-musica-layoutpack\/wp-content\/uploads\/2024\/12\/Logo-Nobacom-fondo-blanco-negro.png","contentUrl":"https:\/\/nobacom.net\/pwe0057-concierto-de-musica-layoutpack\/wp-content\/uploads\/2024\/12\/Logo-Nobacom-fondo-blanco-negro.png","width":1103,"height":835,"caption":"Wordpress Nobacom Base"},"image":{"@id":"https:\/\/nobacom.net\/pwe0057-concierto-de-musica-layoutpack\/#\/schema\/logo\/image\/"},"sameAs":["https:\/\/www.facebook.com\/nobacomdigital"]}]}},"_links":{"self":[{"href":"https:\/\/nobacom.net\/pwe0057-concierto-de-musica-layoutpack\/wp-json\/wp\/v2\/pages\/128","targetHints":{"allow":["GET"]}}],"collection":[{"href":"https:\/\/nobacom.net\/pwe0057-concierto-de-musica-layoutpack\/wp-json\/wp\/v2\/pages"}],"about":[{"href":"https:\/\/nobacom.net\/pwe0057-concierto-de-musica-layoutpack\/wp-json\/wp\/v2\/types\/page"}],"author":[{"embeddable":true,"href":"https:\/\/nobacom.net\/pwe0057-concierto-de-musica-layoutpack\/wp-json\/wp\/v2\/users\/1"}],"replies":[{"embeddable":true,"href":"https:\/\/nobacom.net\/pwe0057-concierto-de-musica-layoutpack\/wp-json\/wp\/v2\/comments?post=128"}],"version-history":[{"count":4,"href":"https:\/\/nobacom.net\/pwe0057-concierto-de-musica-layoutpack\/wp-json\/wp\/v2\/pages\/128\/revisions"}],"predecessor-version":[{"id":657,"href":"https:\/\/nobacom.net\/pwe0057-concierto-de-musica-layoutpack\/wp-json\/wp\/v2\/pages\/128\/revisions\/657"}],"wp:attachment":[{"href":"https:\/\/nobacom.net\/pwe0057-concierto-de-musica-layoutpack\/wp-json\/wp\/v2\/media?parent=128"}],"curies":[{"name":"wp","href":"https:\/\/api.w.org\/{rel}","templated":true}]}}